CRAN Package Check Results for Package SC2API

Last updated on 2025-10-26 05:50:11 CET.

Flavor Version Tinstall Tcheck Ttotal Status Flags
r-devel-linux-x86_64-debian-clang 1.0.0 2.53 43.11 45.64 OK
r-devel-linux-x86_64-debian-gcc 1.0.0 1.80 32.74 34.54 OK
r-devel-linux-x86_64-fedora-clang 1.0.0 28.00 45.17 73.17 OK
r-devel-linux-x86_64-fedora-gcc 1.0.0 81.15 OK
r-devel-windows-x86_64 1.0.0 4.00 72.00 76.00 OK
r-patched-linux-x86_64 1.0.0 2.66 40.06 42.72 OK
r-release-linux-x86_64 1.0.0 2.20 39.37 41.57 OK
r-release-macos-arm64 1.0.0 2.00 36.00 38.00 OK
r-release-macos-x86_64 1.0.0 2.00 57.00 59.00 OK
r-release-windows-x86_64 1.0.0 4.00 66.00 70.00 OK
r-oldrel-macos-arm64 1.0.0 1.00 31.00 32.00 NOTE
r-oldrel-macos-x86_64 1.0.0 2.00 44.00 46.00 NOTE
r-oldrel-windows-x86_64 1.0.0 5.00 74.00 79.00 NOTE

Check Details

Version: 1.0.0
Check: LazyData
Result: NOTE 'LazyData' is specified without a 'data' directory Flavors: r-oldrel-macos-arm64, r-oldrel-macos-x86_64, r-oldrel-windows-x86_64