Last updated on 2024-06-29 11:49:23 CEST.
Flavor | Version | Tinstall | Tcheck | Ttotal | Status | Flags |
---|---|---|---|---|---|---|
r-devel-linux-x86_64-debian-clang | 1.6.4 | 264.07 | 234.79 | 498.86 | OK | |
r-devel-linux-x86_64-debian-gcc | 1.6.4 | 244.97 | 165.14 | 410.11 | OK | |
r-devel-linux-x86_64-fedora-clang | 1.6.4 | 575.15 | OK | |||
r-devel-linux-x86_64-fedora-gcc | 1.6.4 | 704.78 | OK | |||
r-devel-windows-x86_64 | 1.6.4 | 209.00 | 196.00 | 405.00 | NOTE | |
r-patched-linux-x86_64 | 1.6.4 | 293.02 | 224.13 | 517.15 | OK | |
r-release-linux-x86_64 | 1.6.4 | 204.18 | 229.32 | 433.50 | OK | |
r-release-macos-arm64 | 1.6.4 | 130.00 | NOTE | |||
r-release-macos-x86_64 | 1.6.4 | 197.00 | NOTE | |||
r-release-windows-x86_64 | 1.6.4 | 206.00 | 199.00 | 405.00 | NOTE | |
r-oldrel-macos-arm64 | 1.6.4 | 143.00 | NOTE | |||
r-oldrel-macos-x86_64 | 1.6.4 | 359.00 | NOTE | |||
r-oldrel-windows-x86_64 | 1.6.4 | 275.00 | 261.00 | 536.00 | NOTE |
Version: 1.6.4
Check: installed package size
Result: NOTE
installed size is 15.3Mb
sub-directories of 1Mb or more:
R 1.3Mb
libs 13.4Mb
Flavors: r-devel-windows-x86_64, r-release-macos-arm64, r-release-macos-x86_64, r-release-windows-x86_64, r-oldrel-macos-arm64, r-oldrel-macos-x86_64, r-oldrel-windows-x86_64