Last updated on 2024-06-29 23:50:03 CEST.
Flavor | Version | Tinstall | Tcheck | Ttotal | Status | Flags |
---|---|---|---|---|---|---|
r-devel-linux-x86_64-debian-clang | 0.1.0-1 | 55.03 | 235.25 | 290.28 | OK | |
r-devel-linux-x86_64-debian-gcc | 0.1.0-1 | 36.62 | 217.65 | 254.27 | OK | |
r-devel-linux-x86_64-fedora-clang | 0.1.0-1 | 382.20 | NOTE | |||
r-devel-linux-x86_64-fedora-gcc | 0.1.0-1 | 462.57 | NOTE | |||
r-devel-windows-x86_64 | 0.1.0-1 | 43.00 | 241.00 | 284.00 | OK | |
r-patched-linux-x86_64 | 0.1.0-1 | 44.73 | 291.84 | 336.57 | OK | |
r-release-linux-x86_64 | 0.1.0-1 | 43.38 | 282.24 | 325.62 | OK | |
r-release-macos-arm64 | 0.1.0-1 | 149.00 | OK | |||
r-release-macos-x86_64 | 0.1.0-1 | 201.00 | OK | |||
r-release-windows-x86_64 | 0.1.0-1 | 41.00 | 244.00 | 285.00 | OK | |
r-oldrel-macos-arm64 | 0.1.0-1 | 152.00 | OK | |||
r-oldrel-macos-x86_64 | 0.1.0-1 | 253.00 | OK | |||
r-oldrel-windows-x86_64 | 0.1.0-1 | 52.00 | 306.00 | 358.00 | OK |
Version: 0.1.0-1
Check: dependencies in R code
Result: NOTE
Namespace in Imports field not imported from: ‘Rcpp’
All declared Imports should be used.
Flavors: r-devel-linux-x86_64-fedora-clang, r-devel-linux-x86_64-fedora-gcc