CRAN Package Check Results for Package Rvcg

Last updated on 2025-04-29 19:50:45 CEST.

Flavor Version Tinstall Tcheck Ttotal Status Flags
r-devel-linux-x86_64-debian-clang 0.25 539.33 43.50 582.83 OK
r-devel-linux-x86_64-debian-gcc 0.25 409.20 41.28 450.48 OK
r-devel-linux-x86_64-fedora-clang 0.25 1148.98 OK
r-devel-linux-x86_64-fedora-gcc 0.25 1218.07 OK
r-devel-windows-x86_64 0.25 617.00 123.00 740.00 OK
r-patched-linux-x86_64 0.25 585.15 53.19 638.34 OK
r-release-linux-x86_64 0.25 582.15 53.04 635.19 OK
r-release-macos-arm64 0.25 233.00 OK
r-release-macos-x86_64 0.25 221.00 OK
r-release-windows-x86_64 0.25 608.00 114.00 722.00 OK
r-oldrel-macos-arm64 0.25 212.00 NOTE
r-oldrel-macos-x86_64 0.25 245.00 NOTE
r-oldrel-windows-x86_64 0.25 689.00 145.00 834.00 OK

Check Details

Version: 0.25
Check: installed package size
Result: NOTE installed size is 48.4Mb sub-directories of 1Mb or more: libs 47.2Mb Flavors: r-oldrel-macos-arm64, r-oldrel-macos-x86_64