Last updated on 2025-05-23 04:51:19 CEST.
Flavor | Version | Tinstall | Tcheck | Ttotal | Status | Flags |
---|---|---|---|---|---|---|
r-devel-linux-x86_64-debian-clang | 2.0.3 | 65.69 | 272.20 | 337.89 | OK | |
r-devel-linux-x86_64-debian-gcc | 2.0.3 | 38.46 | 172.92 | 211.38 | OK | |
r-devel-linux-x86_64-fedora-clang | 2.0.3 | 551.48 | OK | |||
r-devel-linux-x86_64-fedora-gcc | 2.0.3 | 528.00 | OK | |||
r-devel-windows-x86_64 | 2.0.3 | 55.00 | 212.00 | 267.00 | OK | |
r-patched-linux-x86_64 | 2.0.3 | 58.45 | 248.44 | 306.89 | OK | |
r-release-linux-x86_64 | 2.0.3 | 53.78 | 252.11 | 305.89 | OK | |
r-release-macos-arm64 | 2.0.3 | 143.00 | OK | |||
r-release-macos-x86_64 | 2.0.3 | 245.00 | OK | |||
r-release-windows-x86_64 | 2.0.3 | 55.00 | 211.00 | 266.00 | OK | |
r-oldrel-macos-arm64 | 2.0.3 | 115.00 | NOTE | |||
r-oldrel-macos-x86_64 | 2.0.3 | 180.00 | NOTE | |||
r-oldrel-windows-x86_64 | 2.0.3 | 78.00 | 288.00 | 366.00 | NOTE |
Version: 2.0.3
Check: installed package size
Result: NOTE
installed size is 6.2Mb
sub-directories of 1Mb or more:
R 6.0Mb
Flavors: r-oldrel-macos-arm64, r-oldrel-macos-x86_64, r-oldrel-windows-x86_64