Last updated on 2025-07-24 18:54:03 CEST.
Flavor | Version | Tinstall | Tcheck | Ttotal | Status | Flags |
---|---|---|---|---|---|---|
r-devel-linux-x86_64-debian-clang | 1.1.0 | 5.97 | 55.85 | 61.82 | NOTE | |
r-devel-linux-x86_64-debian-gcc | 1.1.0 | 4.14 | 39.01 | 43.15 | NOTE | |
r-devel-linux-x86_64-fedora-clang | 1.1.0 | 98.75 | OK | |||
r-devel-linux-x86_64-fedora-gcc | 1.1.0 | 91.98 | OK | |||
r-devel-windows-x86_64 | 1.1.0 | 10.00 | 69.00 | 79.00 | OK | |
r-patched-linux-x86_64 | 1.1.0 | 5.95 | 51.76 | 57.71 | OK | |
r-release-linux-x86_64 | 1.1.0 | 5.73 | 51.86 | 57.59 | OK | |
r-release-macos-arm64 | 1.1.0 | 27.00 | OK | |||
r-release-macos-x86_64 | 1.1.0 | 55.00 | OK | |||
r-release-windows-x86_64 | 1.1.0 | 8.00 | 69.00 | 77.00 | OK | |
r-oldrel-macos-arm64 | 1.1.0 | 27.00 | OK | |||
r-oldrel-macos-x86_64 | 1.1.0 | 40.00 | OK | |||
r-oldrel-windows-x86_64 | 1.1.0 | 10.00 | 82.00 | 92.00 | OK |
Version: 1.1.0
Check: CRAN incoming feasibility
Result: NOTE
Maintainer: ‘Manuel David Peris Diaz <madape@alumni.uv.es>’
No Authors@R field in DESCRIPTION.
Please add one, modifying
Authors@R: c(person(given = c("Manuel", "David", "Peris"),
family = "Diaz",
role = c("aut", "cre"),
email = "madape@alumni.uv.es"),
person(given = c("Maria", "Isabel", "Alcoriza"),
family = "Balaguer",
role = "aut"))
as necessary.
Flavors: r-devel-linux-x86_64-debian-clang, r-devel-linux-x86_64-debian-gcc