Last updated on 2025-05-10 16:52:40 CEST.
Flavor | Version | Tinstall | Tcheck | Ttotal | Status | Flags |
---|---|---|---|---|---|---|
r-devel-linux-x86_64-debian-clang | 1.1.0 | 6.73 | 55.63 | 62.36 | NOTE | |
r-devel-linux-x86_64-debian-gcc | 1.1.0 | 4.41 | 40.81 | 45.22 | NOTE | |
r-devel-linux-x86_64-fedora-clang | 1.1.0 | 86.73 | OK | |||
r-devel-linux-x86_64-fedora-gcc | 1.1.0 | 92.73 | OK | |||
r-devel-windows-x86_64 | 1.1.0 | 8.00 | 67.00 | 75.00 | OK | |
r-patched-linux-x86_64 | 1.1.0 | 5.95 | 51.74 | 57.69 | OK | |
r-release-linux-x86_64 | 1.1.0 | 5.27 | 51.41 | 56.68 | OK | |
r-release-macos-arm64 | 1.1.0 | 27.00 | OK | |||
r-release-macos-x86_64 | 1.1.0 | 55.00 | OK | |||
r-release-windows-x86_64 | 1.1.0 | 8.00 | 68.00 | 76.00 | OK | |
r-oldrel-macos-arm64 | 1.1.0 | 27.00 | OK | |||
r-oldrel-macos-x86_64 | 1.1.0 | 40.00 | OK | |||
r-oldrel-windows-x86_64 | 1.1.0 | 10.00 | 81.00 | 91.00 | OK |
Version: 1.1.0
Check: CRAN incoming feasibility
Result: NOTE
Maintainer: ‘Manuel David Peris Diaz <madape@alumni.uv.es>’
No Authors@R field in DESCRIPTION.
Please add one, modifying
Authors@R: c(person(given = c("Manuel", "David", "Peris"),
family = "Diaz",
role = c("aut", "cre"),
email = "madape@alumni.uv.es"),
person(given = c("Maria", "Isabel", "Alcoriza"),
family = "Balaguer",
role = "aut"))
as necessary.
Flavors: r-devel-linux-x86_64-debian-clang, r-devel-linux-x86_64-debian-gcc