Last updated on 2024-07-02 01:57:20 CEST.
Flavor | Version | Tinstall | Tcheck | Ttotal | Status | Flags |
---|---|---|---|---|---|---|
r-devel-linux-x86_64-debian-clang | 0.5.5 | 65.64 | 93.34 | 158.98 | OK | |
r-devel-linux-x86_64-debian-gcc | 0.5.5 | 55.18 | 66.47 | 121.65 | OK | |
r-devel-linux-x86_64-fedora-clang | 0.5.5 | 210.19 | OK | |||
r-devel-linux-x86_64-fedora-gcc | 0.5.5 | 221.81 | OK | |||
r-devel-windows-x86_64 | 0.5.5 | 53.00 | 111.00 | 164.00 | OK | |
r-patched-linux-x86_64 | 0.5.5 | 63.94 | 88.40 | 152.34 | OK | |
r-release-linux-x86_64 | 0.5.5 | 61.78 | 87.87 | 149.65 | OK | |
r-release-macos-arm64 | 0.5.5 | 61.00 | NOTE | |||
r-release-macos-x86_64 | 0.5.5 | 104.00 | NOTE | |||
r-release-windows-x86_64 | 0.5.5 | 53.00 | 110.00 | 163.00 | OK | |
r-oldrel-macos-arm64 | 0.5.5 | 57.00 | NOTE | |||
r-oldrel-macos-x86_64 | 0.5.5 | 107.00 | NOTE | |||
r-oldrel-windows-x86_64 | 0.5.5 | 68.00 | 138.00 | 206.00 | OK |
Version: 0.5.5
Check: installed package size
Result: NOTE
installed size is 22.6Mb
sub-directories of 1Mb or more:
libs 22.0Mb
Flavors: r-release-macos-arm64, r-release-macos-x86_64, r-oldrel-macos-arm64, r-oldrel-macos-x86_64