Last updated on 2024-06-29 23:50:03 CEST.
Flavor | Version | Tinstall | Tcheck | Ttotal | Status | Flags |
---|---|---|---|---|---|---|
r-devel-linux-x86_64-debian-clang | 3.1.0 | 50.86 | 179.09 | 229.95 | OK | |
r-devel-linux-x86_64-debian-gcc | 3.1.0 | 33.98 | 129.40 | 163.38 | OK | |
r-devel-linux-x86_64-fedora-clang | 3.1.0 | 319.46 | NOTE | |||
r-devel-linux-x86_64-fedora-gcc | 3.1.0 | 428.68 | OK | |||
r-devel-windows-x86_64 | 3.1.0 | 61.00 | 315.00 | 376.00 | OK | |
r-patched-linux-x86_64 | 3.1.0 | 41.50 | 167.97 | 209.47 | OK | |
r-release-linux-x86_64 | 3.1.0 | 42.68 | 167.85 | 210.53 | OK | |
r-release-macos-arm64 | 3.1.0 | 246.00 | OK | |||
r-release-macos-x86_64 | 3.1.0 | 388.00 | OK | |||
r-release-windows-x86_64 | 3.1.0 | 61.00 | 303.00 | 364.00 | OK | |
r-oldrel-macos-arm64 | 3.1.0 | 225.00 | OK | |||
r-oldrel-macos-x86_64 | 3.1.0 | 497.00 | OK | |||
r-oldrel-windows-x86_64 | 3.1.0 | 69.00 | 334.00 | 403.00 | OK |
Version: 3.1.0
Check: Rd cross-references
Result: NOTE
Undeclared packages ‘bridgesampling’, ‘rstan’, ‘extraDistr’ in Rd xrefs
Flavor: r-devel-linux-x86_64-fedora-clang