CRAN Package Check Results for Package Rnightly

Last updated on 2025-02-21 19:50:38 CET.

Flavor Version Tinstall Tcheck Ttotal Status Flags
r-devel-linux-x86_64-debian-clang 0.1.0 1.61 16.77 18.38 OK
r-devel-linux-x86_64-debian-gcc 0.1.0 1.30 14.36 15.66 OK
r-devel-linux-x86_64-fedora-clang 0.1.0 29.58 OK
r-devel-linux-x86_64-fedora-gcc 0.1.0 28.34 OK
r-devel-macos-arm64 0.1.0 16.00 OK
r-devel-macos-x86_64 0.1.0 29.00 OK
r-devel-windows-x86_64 0.1.0 3.00 50.00 53.00 OK
r-patched-linux-x86_64 0.1.0 1.78 16.00 17.78 NOTE
r-release-linux-x86_64 0.1.0 0.97 16.11 17.08 NOTE
r-release-macos-arm64 0.1.0 15.00 NOTE
r-release-macos-x86_64 0.1.0 22.00 NOTE
r-release-windows-x86_64 0.1.0 3.00 43.00 46.00 NOTE
r-oldrel-macos-arm64 0.1.0 16.00 NOTE
r-oldrel-macos-x86_64 0.1.0 21.00 NOTE
r-oldrel-windows-x86_64 0.1.0 3.00 49.00 52.00 NOTE

Check Details

Version: 0.1.0
Check: LazyData
Result: NOTE 'LazyData' is specified without a 'data' directory Flavors: r-patched-linux-x86_64, r-release-linux-x86_64, r-release-macos-arm64, r-release-macos-x86_64, r-release-windows-x86_64, r-oldrel-macos-arm64, r-oldrel-macos-x86_64, r-oldrel-windows-x86_64