Last updated on 2025-04-29 01:49:45 CEST.
Flavor | Version | Tinstall | Tcheck | Ttotal | Status | Flags |
---|---|---|---|---|---|---|
r-devel-linux-x86_64-debian-clang | 1.0 | 1.73 | 21.90 | 23.63 | OK | |
r-devel-linux-x86_64-debian-gcc | 1.0 | 1.31 | 18.04 | 19.35 | OK | |
r-devel-linux-x86_64-fedora-clang | 1.0 | 37.78 | OK | |||
r-devel-linux-x86_64-fedora-gcc | 1.0 | 50.39 | OK | |||
r-devel-windows-x86_64 | 1.0 | 3.00 | 43.00 | 46.00 | OK | |
r-patched-linux-x86_64 | 1.0 | 1.73 | 21.43 | 23.16 | OK | |
r-release-linux-x86_64 | 1.0 | 1.73 | 21.20 | 22.93 | OK | |
r-release-macos-arm64 | 1.0 | 33.00 | OK | |||
r-release-macos-x86_64 | 1.0 | 43.00 | OK | |||
r-release-windows-x86_64 | 1.0 | 3.00 | 45.00 | 48.00 | OK | |
r-oldrel-macos-arm64 | 1.0 | 22.00 | NOTE | |||
r-oldrel-macos-x86_64 | 1.0 | 31.00 | NOTE | |||
r-oldrel-windows-x86_64 | 1.0 | 3.00 | 46.00 | 49.00 | NOTE |
Version: 1.0
Check: LazyData
Result: NOTE
'LazyData' is specified without a 'data' directory
Flavors: r-oldrel-macos-arm64, r-oldrel-macos-x86_64, r-oldrel-windows-x86_64