Last updated on 2025-05-02 02:51:05 CEST.
Flavor | Version | Tinstall | Tcheck | Ttotal | Status | Flags |
---|---|---|---|---|---|---|
r-devel-linux-x86_64-debian-clang | 0.4.1 | 15.59 | 100.46 | 116.05 | NOTE | |
r-devel-linux-x86_64-debian-gcc | 0.4.1 | 8.97 | 65.46 | 74.43 | OK | |
r-devel-linux-x86_64-fedora-clang | 0.4.1 | 166.16 | OK | |||
r-devel-linux-x86_64-fedora-gcc | 0.4.1 | 155.34 | OK | |||
r-devel-windows-x86_64 | 0.4.1 | 16.00 | 101.00 | 117.00 | OK | |
r-patched-linux-x86_64 | 0.4.1 | 14.02 | 92.92 | 106.94 | OK | |
r-release-linux-x86_64 | OK | |||||
r-release-macos-arm64 | 0.4.1 | 43.00 | OK | |||
r-release-macos-x86_64 | 0.4.1 | 83.00 | OK | |||
r-release-windows-x86_64 | 0.4.1 | 18.00 | 101.00 | 119.00 | OK | |
r-oldrel-macos-arm64 | 0.4.1 | 39.00 | OK | |||
r-oldrel-macos-x86_64 | 0.4.1 | 72.00 | OK | |||
r-oldrel-windows-x86_64 | 0.4.1 | 22.00 | 129.00 | 151.00 | OK |
Version: 0.4.1
Check: examples
Result: NOTE
Examples with CPU (user + system) or elapsed time > 5s
user system elapsed
point_ident_test 4.074 0.054 5.027
DGM_bounds 3.753 0.016 5.278
Flavor: r-devel-linux-x86_64-debian-clang