Last updated on 2025-05-22 22:51:00 CEST.
Flavor | Version | Tinstall | Tcheck | Ttotal | Status | Flags |
---|---|---|---|---|---|---|
r-devel-linux-x86_64-debian-clang | 0.0.22 | 61.72 | 29.86 | 91.58 | OK | |
r-devel-linux-x86_64-debian-gcc | 0.0.22 | 48.64 | 24.26 | 72.90 | OK | |
r-devel-linux-x86_64-fedora-clang | 0.0.22 | 129.76 | OK | |||
r-devel-linux-x86_64-fedora-gcc | 0.0.22 | 200.20 | OK | |||
r-devel-windows-x86_64 | 0.0.22 | 71.00 | 112.00 | 183.00 | OK | |
r-patched-linux-x86_64 | 0.0.22 | 64.06 | 27.10 | 91.16 | OK | |
r-release-linux-x86_64 | 0.0.22 | 67.88 | 27.23 | 95.11 | OK | |
r-release-macos-arm64 | 0.0.22 | 98.00 | OK | |||
r-release-macos-x86_64 | 0.0.22 | 130.00 | OK | |||
r-release-windows-x86_64 | 0.0.22 | 69.00 | 138.00 | 207.00 | OK | |
r-oldrel-macos-arm64 | 0.0.22 | 88.00 | NOTE | |||
r-oldrel-macos-x86_64 | 0.0.22 | 122.00 | NOTE | |||
r-oldrel-windows-x86_64 | 0.0.21 | 72.00 | 90.00 | 162.00 | OK |
Version: 0.0.22
Check: installed package size
Result: NOTE
installed size is 6.9Mb
sub-directories of 1Mb or more:
include 1.2Mb
libs 5.4Mb
Flavors: r-oldrel-macos-arm64, r-oldrel-macos-x86_64