Last updated on 2025-05-01 01:49:43 CEST.
Flavor | Version | Tinstall | Tcheck | Ttotal | Status | Flags |
---|---|---|---|---|---|---|
r-devel-linux-x86_64-debian-clang | 0.1.13 | 86.66 | 40.49 | 127.15 | OK | |
r-devel-linux-x86_64-debian-gcc | 0.1.13 | 71.24 | 30.80 | 102.04 | OK | |
r-devel-linux-x86_64-fedora-clang | 0.1.13 | 193.83 | OK | |||
r-devel-linux-x86_64-fedora-gcc | 0.1.13 | 249.55 | OK | |||
r-devel-windows-x86_64 | 0.1.13 | 86.00 | 106.00 | 192.00 | OK | |
r-patched-linux-x86_64 | 0.1.13 | 94.33 | 38.04 | 132.37 | OK | |
r-release-linux-x86_64 | 0.1.13 | 97.63 | 37.60 | 135.23 | OK | |
r-release-macos-arm64 | 0.1.13 | 69.00 | OK | |||
r-release-macos-x86_64 | 0.1.13 | 93.00 | OK | |||
r-release-windows-x86_64 | 0.1.13 | 88.00 | 112.00 | 200.00 | OK | |
r-oldrel-macos-arm64 | 0.1.13 | 70.00 | NOTE | |||
r-oldrel-macos-x86_64 | 0.1.13 | 106.00 | NOTE | |||
r-oldrel-windows-x86_64 | 0.1.13 | 109.00 | 115.00 | 224.00 | NOTE |
Version: 0.1.13
Check: installed package size
Result: NOTE
installed size is 23.3Mb
sub-directories of 1Mb or more:
include 7.4Mb
jsonexamples 3.8Mb
libs 11.8Mb
Flavors: r-oldrel-macos-arm64, r-oldrel-macos-x86_64, r-oldrel-windows-x86_64