Last updated on 2025-04-15 08:50:37 CEST.
Flavor | Version | Tinstall | Tcheck | Ttotal | Status | Flags |
---|---|---|---|---|---|---|
r-devel-linux-x86_64-debian-clang | 0.2.7 | 96.30 | 30.08 | 126.38 | NOTE | |
r-devel-linux-x86_64-debian-gcc | 0.2.7 | 76.41 | 23.03 | 99.44 | NOTE | |
r-devel-linux-x86_64-fedora-clang | 0.2.7 | 243.02 | NOTE | |||
r-devel-linux-x86_64-fedora-gcc | 0.2.7 | 267.62 | NOTE | |||
r-devel-windows-x86_64 | 0.2.7 | 111.00 | 77.00 | 188.00 | NOTE | |
r-patched-linux-x86_64 | 0.2.7 | 108.19 | 28.05 | 136.24 | NOTE | |
r-release-linux-x86_64 | 0.2.7 | 102.23 | 28.49 | 130.72 | NOTE | |
r-release-macos-arm64 | 0.2.7 | 55.00 | NOTE | |||
r-release-macos-x86_64 | 0.2.7 | 66.00 | NOTE | |||
r-release-windows-x86_64 | 0.2.7 | 115.00 | 80.00 | 195.00 | NOTE | |
r-oldrel-macos-arm64 | 0.2.7 | 53.00 | NOTE | |||
r-oldrel-macos-x86_64 | 0.2.7 | 68.00 | NOTE | |||
r-oldrel-windows-x86_64 | 0.2.7 | 132.00 | 82.00 | 214.00 | NOTE |
Version: 0.2.7
Check: Rd files
Result: NOTE
checkRd: (-1) cSMCexamples.Rd:78-80: Lost braces in \itemize; \value handles \item{}{} directly
checkRd: (-1) cSMCexamples.Rd:81-83: Lost braces in \itemize; \value handles \item{}{} directly
checkRd: (-1) cSMCexamples.Rd:89: Lost braces in \itemize; \value handles \item{}{} directly
checkRd: (-1) cSMCexamples.Rd:90: Lost braces in \itemize; \value handles \item{}{} directly
Flavors: r-devel-linux-x86_64-debian-clang, r-devel-linux-x86_64-debian-gcc, r-devel-linux-x86_64-fedora-clang, r-devel-linux-x86_64-fedora-gcc, r-devel-windows-x86_64, r-patched-linux-x86_64, r-release-linux-x86_64, r-release-macos-arm64, r-release-macos-x86_64, r-release-windows-x86_64, r-oldrel-macos-arm64, r-oldrel-macos-x86_64, r-oldrel-windows-x86_64
Version: 0.2.7
Check: installed package size
Result: NOTE
installed size is 7.0Mb
sub-directories of 1Mb or more:
libs 6.6Mb
Flavors: r-oldrel-macos-arm64, r-oldrel-macos-x86_64