Last updated on 2024-06-29 23:50:01 CEST.
Flavor | Version | Tinstall | Tcheck | Ttotal | Status | Flags |
---|---|---|---|---|---|---|
r-devel-linux-x86_64-debian-clang | 0.6-0 | 52.97 | 180.29 | 233.26 | OK | |
r-devel-linux-x86_64-debian-gcc | 0.6-0 | 34.22 | 125.98 | 160.20 | OK | |
r-devel-linux-x86_64-fedora-clang | 0.6-0 | 268.30 | OK | |||
r-devel-linux-x86_64-fedora-gcc | 0.6-0 | 339.55 | OK | |||
r-devel-windows-x86_64 | 0.6-0 | 38.00 | 189.00 | 227.00 | OK | |
r-patched-linux-x86_64 | 0.6-0 | 41.27 | 169.73 | 211.00 | OK | |
r-release-linux-x86_64 | 0.6-0 | 42.36 | 166.43 | 208.79 | OK | |
r-release-macos-arm64 | 0.6-0 | 64.00 | NOTE | |||
r-release-macos-x86_64 | 0.6-0 | 111.00 | NOTE | |||
r-release-windows-x86_64 | 0.6-0 | 37.00 | 187.00 | 224.00 | OK | |
r-oldrel-macos-arm64 | 0.6-0 | 101.00 | NOTE | |||
r-oldrel-macos-x86_64 | 0.6-0 | 144.00 | NOTE | |||
r-oldrel-windows-x86_64 | 0.6-0 | 48.00 | 230.00 | 278.00 | OK |
Version: 0.6-0
Check: installed package size
Result: NOTE
installed size is 6.6Mb
sub-directories of 1Mb or more:
libs 6.0Mb
Flavors: r-release-macos-arm64, r-release-macos-x86_64, r-oldrel-macos-arm64, r-oldrel-macos-x86_64