CRAN Package Check Results for Package RcppHMM

Last updated on 2025-04-29 19:50:42 CEST.

Flavor Version Tinstall Tcheck Ttotal Status Flags
r-devel-linux-x86_64-debian-clang 1.2.2 70.55 26.86 97.41 NOTE
r-devel-linux-x86_64-debian-gcc 1.2.2 44.95 20.87 65.82 NOTE
r-devel-linux-x86_64-fedora-clang 1.2.2 172.89 NOTE
r-devel-linux-x86_64-fedora-gcc 1.2.2 167.56 NOTE
r-devel-windows-x86_64 1.2.2 72.00 80.00 152.00 NOTE
r-patched-linux-x86_64 1.2.2 65.03 25.67 90.70 NOTE
r-release-linux-x86_64 1.2.2 64.81 25.39 90.20 NOTE
r-release-macos-arm64 1.2.2 44.00 NOTE
r-release-macos-x86_64 1.2.2 63.00 NOTE
r-release-windows-x86_64 1.2.2 72.00 78.00 150.00 NOTE
r-oldrel-macos-arm64 1.2.2 40.00 NOTE
r-oldrel-macos-x86_64 1.2.2 50.00 NOTE
r-oldrel-windows-x86_64 1.2.2 80.00 84.00 164.00 NOTE

Check Details

Version: 1.2.2
Check: CRAN incoming feasibility
Result: NOTE Maintainer: ‘Roberto A. Cardenas-Ovando <robalecarova@gmail.com>’ No Authors@R field in DESCRIPTION. Please add one, modifying Authors@R: c(person(given = c("Roberto", "A."), family = "Cardenas-Ovando", role = c("aut", "cre"), email = "robalecarova@gmail.com"), person(given = "Julieta", family = "Noguez", role = "aut"), person(given = "Claudia", family = "Rangel-Escareno", role = "aut")) as necessary. Flavors: r-devel-linux-x86_64-debian-clang, r-devel-linux-x86_64-debian-gcc

Version: 1.2.2
Check: C++ specification
Result: NOTE Specified C++11: please drop specification unless essential Flavors: r-devel-linux-x86_64-debian-clang, r-devel-linux-x86_64-debian-gcc, r-devel-linux-x86_64-fedora-clang, r-devel-linux-x86_64-fedora-gcc, r-devel-windows-x86_64, r-patched-linux-x86_64, r-release-linux-x86_64, r-release-macos-arm64, r-release-macos-x86_64, r-release-windows-x86_64, r-oldrel-macos-arm64, r-oldrel-macos-x86_64, r-oldrel-windows-x86_64