Last updated on 2024-06-29 23:50:01 CEST.
Flavor | Version | Tinstall | Tcheck | Ttotal | Status | Flags |
---|---|---|---|---|---|---|
r-devel-linux-x86_64-debian-clang | 0.3.4.0.0 | 80.85 | 47.83 | 128.68 | OK | |
r-devel-linux-x86_64-debian-gcc | 0.3.4.0.0 | 64.00 | 41.40 | 105.40 | OK | |
r-devel-linux-x86_64-fedora-clang | 0.3.4.0.0 | 168.48 | NOTE | |||
r-devel-linux-x86_64-fedora-gcc | 0.3.4.0.0 | 213.34 | OK | |||
r-devel-windows-x86_64 | 0.3.4.0.0 | 73.00 | 229.00 | 302.00 | NOTE | |
r-patched-linux-x86_64 | 0.3.4.0.0 | 71.47 | 51.80 | 123.27 | OK | |
r-release-linux-x86_64 | 0.3.4.0.0 | 77.78 | 52.22 | 130.00 | OK | |
r-release-macos-arm64 | 0.3.4.0.0 | 89.00 | NOTE | |||
r-release-macos-x86_64 | 0.3.4.0.0 | 165.00 | NOTE | |||
r-release-windows-x86_64 | 0.3.4.0.0 | 71.00 | 196.00 | 267.00 | NOTE | |
r-oldrel-macos-arm64 | 0.3.4.0.0 | 106.00 | NOTE | |||
r-oldrel-macos-x86_64 | 0.3.4.0.0 | 307.00 | NOTE | |||
r-oldrel-windows-x86_64 | 0.3.4.0.0 | 82.00 | 235.00 | 317.00 | NOTE |
Version: 0.3.4.0.0
Check: installed package size
Result: NOTE
installed size is 10.8Mb
sub-directories of 1Mb or more:
include 9.8Mb
Flavors: r-devel-linux-x86_64-fedora-clang, r-devel-windows-x86_64, r-release-macos-arm64, r-release-macos-x86_64, r-release-windows-x86_64, r-oldrel-macos-arm64, r-oldrel-macos-x86_64, r-oldrel-windows-x86_64