CRAN Package Check Results for Package RcppDate

Last updated on 2025-05-02 08:49:36 CEST.

Flavor Version Tinstall Tcheck Ttotal Status Flags
r-devel-linux-x86_64-debian-clang 0.0.5 1.23 19.47 20.70 NOTE
r-devel-linux-x86_64-debian-gcc 0.0.5 1.08 16.63 17.71 OK
r-devel-linux-x86_64-fedora-clang 0.0.5 32.34 OK
r-devel-linux-x86_64-fedora-gcc 0.0.5 35.53 OK
r-devel-windows-x86_64 0.0.5 2.00 38.00 40.00 OK
r-patched-linux-x86_64 0.0.5 1.07 19.79 20.86 OK
r-release-linux-x86_64 OK
r-release-macos-arm64 0.0.5 15.00 OK
r-release-macos-x86_64 0.0.5 27.00 OK
r-release-windows-x86_64 0.0.5 3.00 37.00 40.00 OK
r-oldrel-macos-arm64 0.0.5 50.00 OK
r-oldrel-macos-x86_64 0.0.5 68.00 OK
r-oldrel-windows-x86_64 0.0.5 2.00 33.00 35.00 OK

Check Details

Version: 0.0.5
Check: examples
Result: NOTE Examples with CPU (user + system) or elapsed time > 5s user system elapsed RcppDate-package 6.868 0.319 8.879 Flavor: r-devel-linux-x86_64-debian-clang