Last updated on 2024-06-29 23:50:01 CEST.
Flavor | Version | Tinstall | Tcheck | Ttotal | Status | Flags |
---|---|---|---|---|---|---|
r-devel-linux-x86_64-debian-clang | 0.3.0 | 74.20 | 141.92 | 216.12 | NOTE | |
r-devel-linux-x86_64-debian-gcc | 0.3.0 | 57.30 | 108.99 | 166.29 | NOTE | |
r-devel-linux-x86_64-fedora-clang | 0.3.0 | 279.69 | NOTE | |||
r-devel-linux-x86_64-fedora-gcc | 0.3.0 | 296.14 | NOTE | |||
r-devel-windows-x86_64 | 0.3.0 | 63.00 | 155.00 | 218.00 | NOTE | |
r-patched-linux-x86_64 | 0.3.0 | 67.14 | 140.66 | 207.80 | NOTE | |
r-release-linux-x86_64 | 0.3.0 | 50.01 | 144.91 | 194.92 | NOTE | |
r-release-macos-arm64 | 0.3.0 | 71.00 | NOTE | |||
r-release-macos-x86_64 | 0.3.0 | 122.00 | NOTE | |||
r-release-windows-x86_64 | 0.3.0 | 60.00 | 153.00 | 213.00 | NOTE | |
r-oldrel-macos-arm64 | 0.3.0 | 82.00 | NOTE | |||
r-oldrel-macos-x86_64 | 0.3.0 | 136.00 | NOTE | |||
r-oldrel-windows-x86_64 | 0.3.0 | 78.00 | 168.00 | 246.00 | NOTE |
Version: 0.3.0
Check: C++ specification
Result: NOTE
Specified C++11: please drop specification unless essential
Flavors: r-devel-linux-x86_64-debian-clang, r-devel-linux-x86_64-debian-gcc, r-devel-linux-x86_64-fedora-clang, r-devel-linux-x86_64-fedora-gcc, r-devel-windows-x86_64, r-patched-linux-x86_64, r-release-linux-x86_64, r-release-macos-arm64, r-release-macos-x86_64, r-release-windows-x86_64, r-oldrel-macos-arm64, r-oldrel-macos-x86_64, r-oldrel-windows-x86_64
Version: 0.3.0
Check: package subdirectories
Result: NOTE
Problems with news in ‘NEWS.md’:
No news entries found.
Flavors: r-devel-linux-x86_64-debian-clang, r-devel-linux-x86_64-debian-gcc, r-devel-linux-x86_64-fedora-clang, r-devel-linux-x86_64-fedora-gcc, r-devel-windows-x86_64, r-patched-linux-x86_64, r-release-linux-x86_64, r-release-macos-arm64, r-release-macos-x86_64, r-release-windows-x86_64, r-oldrel-macos-arm64, r-oldrel-macos-x86_64, r-oldrel-windows-x86_64
Version: 0.3.0
Check: installed package size
Result: NOTE
installed size is 7.7Mb
sub-directories of 1Mb or more:
libs 7.5Mb
Flavors: r-release-macos-arm64, r-release-macos-x86_64, r-oldrel-macos-arm64, r-oldrel-macos-x86_64