CRAN Package Check Results for Package RcppAnnoy

Last updated on 2025-10-27 18:50:22 CET.

Flavor Version Tinstall Tcheck Ttotal Status Flags
r-devel-linux-x86_64-debian-clang 0.0.22 29.77 73.15 102.92 NOTE
r-devel-linux-x86_64-debian-gcc 0.0.22 25.48 49.19 74.67 NOTE
r-devel-linux-x86_64-fedora-clang 0.0.22 55.00 117.70 172.70 OK
r-devel-linux-x86_64-fedora-gcc 0.0.22 78.00 114.18 192.18 OK
r-devel-windows-x86_64 0.0.22 47.00 167.00 214.00 OK
r-patched-linux-x86_64 0.0.22 29.89 70.57 100.46 OK
r-release-linux-x86_64 0.0.22 32.85 69.18 102.03 OK
r-release-macos-arm64 0.0.22 16.00 41.00 57.00 OK
r-release-macos-x86_64 0.0.22 27.00 85.00 112.00 OK
r-release-windows-x86_64 0.0.22 55.00 133.00 188.00 OK
r-oldrel-macos-arm64 0.0.22 13.00 45.00 58.00 NOTE
r-oldrel-macos-x86_64 0.0.22 20.00 65.00 85.00 NOTE
r-oldrel-windows-x86_64 0.0.22 56.00 174.00 230.00 OK

Check Details

Version: 0.0.22
Check: CRAN incoming feasibility
Result: NOTE Maintainer: ‘Dirk Eddelbuettel <edd@debian.org>’ No Authors@R field in DESCRIPTION. Please add one, modifying Authors@R: person(given = "Dirk", family = "Eddelbuettel", role = c("aut", "cre"), email = "edd@debian.org") as necessary. Flavors: r-devel-linux-x86_64-debian-clang, r-devel-linux-x86_64-debian-gcc

Version: 0.0.22
Check: installed package size
Result: NOTE installed size is 7.0Mb sub-directories of 1Mb or more: libs 6.7Mb Flavors: r-oldrel-macos-arm64, r-oldrel-macos-x86_64