CRAN Package Check Results for Package RcppAnnoy

Last updated on 2025-04-29 19:50:42 CEST.

Flavor Version Tinstall Tcheck Ttotal Status Flags
r-devel-linux-x86_64-debian-clang 0.0.22 29.83 71.34 101.17 NOTE
r-devel-linux-x86_64-debian-gcc 0.0.22 25.86 48.54 74.40 NOTE
r-devel-linux-x86_64-fedora-clang 0.0.22 172.62 OK
r-devel-linux-x86_64-fedora-gcc 0.0.22 194.91 OK
r-devel-windows-x86_64 0.0.22 48.00 160.00 208.00 OK
r-patched-linux-x86_64 0.0.22 31.75 68.22 99.97 OK
r-release-linux-x86_64 0.0.22 31.89 67.54 99.43 OK
r-release-macos-arm64 0.0.22 57.00 OK
r-release-macos-x86_64 0.0.22 112.00 OK
r-release-windows-x86_64 0.0.22 51.00 141.00 192.00 OK
r-oldrel-macos-arm64 0.0.22 58.00 NOTE
r-oldrel-macos-x86_64 0.0.22 85.00 NOTE
r-oldrel-windows-x86_64 0.0.22 58.00 174.00 232.00 OK

Check Details

Version: 0.0.22
Check: CRAN incoming feasibility
Result: NOTE Maintainer: ‘Dirk Eddelbuettel <edd@debian.org>’ No Authors@R field in DESCRIPTION. Please add one, modifying Authors@R: person(given = "Dirk", family = "Eddelbuettel", role = c("aut", "cre"), email = "edd@debian.org") as necessary. Flavors: r-devel-linux-x86_64-debian-clang, r-devel-linux-x86_64-debian-gcc

Version: 0.0.22
Check: installed package size
Result: NOTE installed size is 7.0Mb sub-directories of 1Mb or more: libs 6.7Mb Flavors: r-oldrel-macos-arm64, r-oldrel-macos-x86_64