Last updated on 2025-05-25 05:48:54 CEST.
Flavor | Version | Tinstall | Tcheck | Ttotal | Status | Flags |
---|---|---|---|---|---|---|
r-devel-linux-x86_64-debian-clang | 1.2.2 | 19.26 | 136.97 | 156.23 | NOTE | |
r-devel-linux-x86_64-debian-gcc | 1.2.2 | 13.70 | 98.51 | 112.21 | NOTE | |
r-devel-linux-x86_64-fedora-clang | 1.2.2 | 267.06 | OK | |||
r-devel-linux-x86_64-fedora-gcc | 1.2.2 | 239.60 | OK | |||
r-devel-windows-x86_64 | 1.2.2 | 30.00 | 241.00 | 271.00 | OK | |
r-patched-linux-x86_64 | 1.2.2 | 17.65 | 129.05 | 146.70 | OK | |
r-release-linux-x86_64 | 1.2.2 | 17.25 | 130.29 | 147.54 | OK | |
r-release-macos-arm64 | 1.2.2 | 67.00 | OK | |||
r-release-macos-x86_64 | 1.2.2 | 139.00 | OK | |||
r-release-windows-x86_64 | 1.2.2 | 21.00 | 192.00 | 213.00 | OK | |
r-oldrel-macos-arm64 | 1.2.2 | 68.00 | OK | |||
r-oldrel-macos-x86_64 | 1.2.2 | 103.00 | OK | |||
r-oldrel-windows-x86_64 | 1.2.2 | 26.00 | 176.00 | 202.00 | OK |
Version: 1.2.2
Check: CRAN incoming feasibility
Result: NOTE
Maintainer: ‘Andrew Heiss <andrew@andrewheiss.com>’
No Authors@R field in DESCRIPTION.
Please add one, modifying
Authors@R: c(person(given = "Andrew",
family = "Heiss",
role = c("aut", "cre"),
email = "andrew@andrewheiss.com"),
person(given = "Richard",
family = "Payne",
role = "aut"),
person(given = "Christa",
family = "Schank",
role = "aut"),
person(given = "Jessica",
family = "Reese",
role = "aut"))
as necessary.
Flavors: r-devel-linux-x86_64-debian-clang, r-devel-linux-x86_64-debian-gcc