Last updated on 2025-10-24 05:50:53 CEST.
| Flavor | Version | Tinstall | Tcheck | Ttotal | Status | Flags |
|---|---|---|---|---|---|---|
| r-devel-linux-x86_64-debian-clang | 0.2-7 | 22.93 | 196.76 | 219.69 | OK | |
| r-devel-linux-x86_64-debian-gcc | 0.2-7 | 16.48 | 147.64 | 164.12 | NOTE | |
| r-devel-linux-x86_64-fedora-clang | 0.2-7 | 65.00 | 285.86 | 350.86 | OK | |
| r-devel-linux-x86_64-fedora-gcc | 0.2-7 | 49.00 | 293.09 | 342.09 | OK | |
| r-devel-windows-x86_64 | 0.2-7 | 34.00 | 304.00 | 338.00 | OK | |
| r-patched-linux-x86_64 | 0.2-7 | 27.36 | 188.24 | 215.60 | OK | |
| r-release-linux-x86_64 | 0.2-7 | 21.70 | 190.20 | 211.90 | OK | |
| r-release-macos-arm64 | 0.2-7 | 11.00 | 87.00 | 98.00 | OK | |
| r-release-macos-x86_64 | 0.2-7 | 37.00 | 197.00 | 234.00 | OK | |
| r-release-windows-x86_64 | 0.2-7 | 34.00 | 267.00 | 301.00 | OK | |
| r-oldrel-macos-arm64 | 0.2-7 | 14.00 | 110.00 | 124.00 | OK | |
| r-oldrel-macos-x86_64 | 0.2-7 | 34.00 | 143.00 | 177.00 | OK | |
| r-oldrel-windows-x86_64 | 0.2-7 | 34.00 | 257.00 | 291.00 | OK |
Version: 0.2-7
Check: Rd files
Result: NOTE
checkRd: (-1) geom_stepribbon.Rd:72-82: Only 2 columns allowed in this table (row 2 has 1)
checkRd: (-1) geom_stepribbon.Rd:72-82: Only 2 columns allowed in this table (row 4 has 1)
checkRd: (-1) geom_stepribbon.Rd:72-82: Only 2 columns allowed in this table (row 6 has 1)
checkRd: (-1) geom_stepribbon.Rd:72-82: Only 2 columns allowed in this table (row 8 has 1)
checkRd: (-1) geom_stepribbon.Rd:72-82: Only 2 columns allowed in this table (row 10 has 1)
checkRd: (-1) geom_stepribbon.Rd:72-82: Only 2 columns allowed in this table (row 12 has 1)
checkRd: (-1) geom_stepribbon.Rd:72-82: Only 2 columns allowed in this table (row 14 has 1)
checkRd: (-1) geom_stepribbon.Rd:72-82: Only 2 columns allowed in this table (row 16 has 1)
checkRd: (-1) geom_stepribbon.Rd:72-82: Only 2 columns allowed in this table (row 18 has 1)
Flavor: r-devel-linux-x86_64-debian-gcc