CRAN Package Check Results for Package RareComb

Last updated on 2025-05-01 20:49:48 CEST.

Flavor Version Tinstall Tcheck Ttotal Status Flags
r-devel-linux-x86_64-debian-clang 1.1 12.16 117.13 129.29 NOTE
r-devel-linux-x86_64-debian-gcc 1.1 8.25 79.07 87.32 OK
r-devel-linux-x86_64-fedora-clang 1.1 225.16 OK
r-devel-linux-x86_64-fedora-gcc 1.1 214.17 OK
r-devel-windows-x86_64 1.1 14.00 132.00 146.00 OK
r-patched-linux-x86_64 1.1 14.60 109.54 124.14 OK
r-release-linux-x86_64 OK
r-release-macos-arm64 1.1 56.00 OK
r-release-macos-x86_64 1.1 117.00 OK
r-release-windows-x86_64 1.1 14.00 135.00 149.00 OK
r-oldrel-macos-arm64 1.1 56.00 OK
r-oldrel-macos-x86_64 1.1 90.00 OK
r-oldrel-windows-x86_64 1.1 18.00 158.00 176.00 OK

Check Details

Version: 1.1
Check: examples
Result: NOTE Examples with CPU (user + system) or elapsed time > 5s user system elapsed analyze_in_out_simultaneity 5.934 0.473 9.093 Flavor: r-devel-linux-x86_64-debian-clang