Last updated on 2025-05-05 09:49:37 CEST.
Flavor | Version | Tinstall | Tcheck | Ttotal | Status | Flags |
---|---|---|---|---|---|---|
r-devel-linux-x86_64-debian-clang | 0.98.0 | 48.63 | 57.93 | 106.56 | NOTE | |
r-devel-linux-x86_64-debian-gcc | 0.98.0 | 35.55 | 44.51 | 80.06 | NOTE | |
r-devel-linux-x86_64-fedora-clang | 0.98.0 | 186.37 | OK | |||
r-devel-linux-x86_64-fedora-gcc | 0.98.0 | 218.79 | OK | |||
r-devel-windows-x86_64 | 0.98.0 | 57.00 | 143.00 | 200.00 | OK | |
r-patched-linux-x86_64 | 0.98.0 | 46.25 | 58.86 | 105.11 | OK | |
r-release-linux-x86_64 | 0.98.0 | 47.03 | 58.44 | 105.47 | OK | |
r-release-macos-arm64 | 0.98.0 | 72.00 | OK | |||
r-release-macos-x86_64 | 0.98.0 | 131.00 | OK | |||
r-release-windows-x86_64 | 0.98.0 | 56.00 | 138.00 | 194.00 | OK | |
r-oldrel-macos-arm64 | 0.98.0 | 57.00 | NOTE | |||
r-oldrel-macos-x86_64 | 0.98.0 | 98.00 | NOTE | |||
r-oldrel-windows-x86_64 | 0.98.0 | 66.00 | 156.00 | 222.00 | OK |
Version: 0.98.0
Check: CRAN incoming feasibility
Result: NOTE
Maintainer: ‘Quentin Grimonprez <quentingrim@yahoo.fr>’
Package CITATION file contains call(s) to old-style citEntry(). Please
use bibentry() instead.
Flavors: r-devel-linux-x86_64-debian-clang, r-devel-linux-x86_64-debian-gcc
Version: 0.98.0
Check: installed package size
Result: NOTE
installed size is 5.2Mb
sub-directories of 1Mb or more:
libs 4.5Mb
Flavors: r-oldrel-macos-arm64, r-oldrel-macos-x86_64