Last updated on 2024-07-02 01:57:19 CEST.
Flavor | Version | Tinstall | Tcheck | Ttotal | Status | Flags |
---|---|---|---|---|---|---|
r-devel-linux-x86_64-debian-clang | 2.3.4 | 4.92 | 42.57 | 47.49 | NOTE | |
r-devel-linux-x86_64-debian-gcc | 2.3.4 | 4.18 | 32.50 | 36.68 | NOTE | |
r-devel-linux-x86_64-fedora-clang | 2.3.4 | 60.10 | NOTE | |||
r-devel-linux-x86_64-fedora-gcc | 2.3.4 | 68.76 | NOTE | |||
r-devel-windows-x86_64 | 2.3.4 | 7.00 | 53.00 | 60.00 | NOTE | |
r-patched-linux-x86_64 | 2.3.4 | 3.18 | 39.91 | 43.09 | NOTE | |
r-release-linux-x86_64 | 2.3.4 | 3.25 | 41.01 | 44.26 | NOTE | |
r-release-macos-arm64 | 2.3.4 | 29.00 | NOTE | |||
r-release-macos-x86_64 | 2.3.4 | 41.00 | NOTE | |||
r-release-windows-x86_64 | 2.3.4 | 7.00 | 53.00 | 60.00 | NOTE | |
r-oldrel-macos-arm64 | 2.3.4 | 32.00 | NOTE | |||
r-oldrel-macos-x86_64 | 2.3.4 | 44.00 | NOTE | |||
r-oldrel-windows-x86_64 | 2.3.4 | 7.00 | 58.00 | 65.00 | NOTE |
Version: 2.3.4
Check: LazyData
Result: NOTE
'LazyData' is specified without a 'data' directory
Flavors: r-devel-linux-x86_64-debian-clang, r-devel-linux-x86_64-debian-gcc, r-devel-linux-x86_64-fedora-clang, r-devel-linux-x86_64-fedora-gcc, r-devel-windows-x86_64, r-patched-linux-x86_64, r-release-linux-x86_64, r-release-macos-arm64, r-release-macos-x86_64, r-release-windows-x86_64, r-oldrel-macos-arm64, r-oldrel-macos-x86_64, r-oldrel-windows-x86_64