CRAN Package Check Results for Package RamanMP

Last updated on 2025-05-10 10:49:29 CEST.

Flavor Version Tinstall Tcheck Ttotal Status Flags
r-devel-linux-x86_64-debian-clang 1.0 9.74 81.78 91.52 NOTE
r-devel-linux-x86_64-debian-gcc 1.0 6.93 55.89 62.82 NOTE
r-devel-linux-x86_64-fedora-clang 1.0 129.26 OK
r-devel-linux-x86_64-fedora-gcc 1.0 138.34 OK
r-devel-windows-x86_64 1.0 12.00 96.00 108.00 OK
r-patched-linux-x86_64 1.0 8.92 75.87 84.79 OK
r-release-linux-x86_64 1.0 9.14 75.40 84.54 OK
r-release-macos-arm64 1.0 40.00 OK
r-release-macos-x86_64 1.0 84.00 OK
r-release-windows-x86_64 1.0 11.00 96.00 107.00 OK
r-oldrel-macos-arm64 1.0 41.00 OK
r-oldrel-macos-x86_64 1.0 61.00 OK
r-oldrel-windows-x86_64 1.0 15.00 123.00 138.00 OK

Check Details

Version: 1.0
Check: CRAN incoming feasibility
Result: NOTE Maintainer: ‘Veronica Nava <veronicanava245@gmail.com>’ No Authors@R field in DESCRIPTION. Please add one, modifying Authors@R: c(person(given = "Veronica", family = "Nava", role = c("aut", "cre"), email = "veronicanava245@gmail.com"), person(given = c("Maria", "Luce"), family = "Frezzotti", role = "ctb"), person(given = "Barbara", family = "Leoni", role = "ctb")) as necessary. Package CITATION file contains call(s) to old-style personList() or as.personList(). Please use c() on person objects instead. Package CITATION file contains call(s) to old-style citEntry(). Please use bibentry() instead. Flavors: r-devel-linux-x86_64-debian-clang, r-devel-linux-x86_64-debian-gcc