Last updated on 2024-07-02 01:57:19 CEST.
Flavor | Version | Tinstall | Tcheck | Ttotal | Status | Flags |
---|---|---|---|---|---|---|
r-devel-linux-x86_64-debian-clang | 0.2.0 | 3.21 | 28.78 | 31.99 | OK | |
r-devel-linux-x86_64-debian-gcc | 0.2.0 | 2.54 | 21.88 | 24.42 | OK | |
r-devel-linux-x86_64-fedora-clang | 0.2.0 | 40.20 | NOTE | |||
r-devel-linux-x86_64-fedora-gcc | 0.2.0 | 38.34 | NOTE | |||
r-devel-windows-x86_64 | 0.2.0 | 5.00 | 43.00 | 48.00 | OK | |
r-patched-linux-x86_64 | 0.2.0 | 2.78 | 28.00 | 30.78 | OK | |
r-release-linux-x86_64 | 0.2.0 | 2.89 | 27.06 | 29.95 | OK | |
r-release-macos-arm64 | 0.2.0 | 18.00 | OK | |||
r-release-macos-x86_64 | 0.2.0 | 37.00 | OK | |||
r-release-windows-x86_64 | 0.2.0 | 6.00 | 43.00 | 49.00 | OK | |
r-oldrel-macos-arm64 | 0.2.0 | 19.00 | OK | |||
r-oldrel-macos-x86_64 | 0.2.0 | 24.00 | OK | |||
r-oldrel-windows-x86_64 | 0.2.0 | 5.00 | 45.00 | 50.00 | OK |
Version: 0.2.0
Check: dependencies in R code
Result: NOTE
Namespace in Imports field not imported from: ‘knitr’
All declared Imports should be used.
Flavors: r-devel-linux-x86_64-fedora-clang, r-devel-linux-x86_64-fedora-gcc