Last updated on 2024-06-29 11:49:21 CEST.
Flavor | Version | Tinstall | Tcheck | Ttotal | Status | Flags |
---|---|---|---|---|---|---|
r-devel-linux-x86_64-debian-clang | 1.4.0 | 4.67 | 198.98 | 203.65 | OK | |
r-devel-linux-x86_64-debian-gcc | 1.4.0 | 5.23 | 151.87 | 157.10 | OK | |
r-devel-linux-x86_64-fedora-clang | 1.4.0 | 274.88 | OK | |||
r-devel-linux-x86_64-fedora-gcc | 1.4.0 | 280.03 | OK | |||
r-devel-windows-x86_64 | 1.4.0 | 7.00 | 202.00 | 209.00 | OK | |
r-patched-linux-x86_64 | 1.4.0 | 6.76 | 190.55 | 197.31 | OK | |
r-release-linux-x86_64 | 1.4.0 | 7.62 | 195.62 | 203.24 | OK | |
r-release-macos-arm64 | 1.4.0 | 74.00 | OK | |||
r-release-macos-x86_64 | 1.4.0 | 121.00 | NOTE | |||
r-release-windows-x86_64 | 1.4.0 | 7.00 | 186.00 | 193.00 | OK | |
r-oldrel-macos-arm64 | 1.4.0 | 83.00 | NOTE | |||
r-oldrel-macos-x86_64 | 1.4.0 | 210.00 | NOTE | |||
r-oldrel-windows-x86_64 | 1.4.0 | 8.00 | 222.00 | 230.00 | OK |
Version: 1.4.0
Check: package dependencies
Result: NOTE
Package suggested but not available for checking: ‘arrow’
Flavor: r-release-macos-x86_64
Version: 1.4.0
Check: package dependencies
Result: NOTE
Package suggested but not available for checking: ‘Spectra’
Flavors: r-oldrel-macos-arm64, r-oldrel-macos-x86_64