Last updated on 2025-07-19 19:50:00 CEST.
Flavor | Version | Tinstall | Tcheck | Ttotal | Status | Flags |
---|---|---|---|---|---|---|
r-devel-linux-x86_64-debian-clang | 1.0.0 | 2.81 | 28.16 | 30.97 | NOTE | |
r-devel-linux-x86_64-debian-gcc | 1.0.0 | 1.95 | 22.47 | 24.42 | NOTE | |
r-devel-linux-x86_64-fedora-clang | 1.0.0 | 48.46 | OK | |||
r-devel-linux-x86_64-fedora-gcc | 1.0.0 | 46.75 | OK | |||
r-devel-windows-x86_64 | 1.0.0 | 5.00 | 48.00 | 53.00 | OK | |
r-patched-linux-x86_64 | 1.0.0 | 2.90 | 26.84 | 29.74 | OK | |
r-release-linux-x86_64 | 1.0.0 | 2.84 | 26.87 | 29.71 | OK | |
r-release-macos-arm64 | 1.0.0 | 23.00 | OK | |||
r-release-macos-x86_64 | 1.0.0 | 36.00 | OK | |||
r-release-windows-x86_64 | 1.0.0 | 4.00 | 53.00 | 57.00 | OK | |
r-oldrel-macos-arm64 | 1.0.0 | 19.00 | OK | |||
r-oldrel-macos-x86_64 | 1.0.0 | 48.00 | OK | |||
r-oldrel-windows-x86_64 | 1.0.0 | 5.00 | 54.00 | 59.00 | OK |
Version: 1.0.0
Check: CRAN incoming feasibility
Result: NOTE
Maintainer: ‘Mafalda Sá Ferreira <msm.ferreira@campus.fct.unl.pt>’
The Description field contains
<arXiv:2112.07508v3> and Oliveira et al. (2021) <arXiv:2102.05373v2>.
Please refer to arXiv e-prints via their arXiv DOI <doi:10.48550/arXiv.YYMM.NNNNN>.
Flavors: r-devel-linux-x86_64-debian-clang, r-devel-linux-x86_64-debian-gcc