Last updated on 2025-10-11 13:49:54 CEST.
Flavor | Version | Tinstall | Tcheck | Ttotal | Status | Flags |
---|---|---|---|---|---|---|
r-devel-linux-x86_64-debian-clang | 0.1.8 | 12.28 | 71.20 | 83.48 | NOTE | |
r-devel-linux-x86_64-debian-gcc | 0.1.8 | 9.33 | 49.62 | 58.95 | NOTE | |
r-devel-linux-x86_64-fedora-clang | 0.1.8 | 134.54 | OK | |||
r-devel-linux-x86_64-fedora-gcc | 0.1.8 | 169.63 | OK | |||
r-devel-windows-x86_64 | 0.1.8 | 19.00 | 92.00 | 111.00 | OK | |
r-patched-linux-x86_64 | 0.1.8 | 13.29 | 64.63 | 77.92 | OK | |
r-release-linux-x86_64 | 0.1.8 | 14.22 | 65.11 | 79.33 | OK | |
r-release-macos-arm64 | 0.1.8 | 32.00 | OK | |||
r-release-macos-x86_64 | 0.1.8 | 56.00 | OK | |||
r-release-windows-x86_64 | 0.1.8 | 20.00 | 93.00 | 113.00 | OK | |
r-oldrel-macos-arm64 | 0.1.8 | 34.00 | OK | |||
r-oldrel-macos-x86_64 | 0.1.8 | 51.00 | OK | |||
r-oldrel-windows-x86_64 | 0.1.8 | 24.00 | 121.00 | 145.00 | OK |
Version: 0.1.8
Check: CRAN incoming feasibility
Result: NOTE
Maintainer: ‘Etor Arza <etorarza@gmail.com>’
No Authors@R field in DESCRIPTION.
Please add one, modifying
Authors@R: person(given = "Etor",
family = "Arza",
role = c("aut", "cre"),
email = "etorarza@gmail.com")
as necessary.
Flavors: r-devel-linux-x86_64-debian-clang, r-devel-linux-x86_64-debian-gcc