Last updated on 2024-06-29 11:49:23 CEST.
Flavor | Version | Tinstall | Tcheck | Ttotal | Status | Flags |
---|---|---|---|---|---|---|
r-devel-linux-x86_64-debian-clang | 0.4.1 | 7.36 | 50.22 | 57.58 | NOTE | |
r-devel-linux-x86_64-debian-gcc | 0.4.1 | 5.04 | 38.32 | 43.36 | NOTE | |
r-devel-linux-x86_64-fedora-clang | 0.4.1 | 73.12 | NOTE | |||
r-devel-linux-x86_64-fedora-gcc | 0.4.1 | 83.75 | NOTE | |||
r-devel-windows-x86_64 | 0.4.1 | 7.00 | 61.00 | 68.00 | NOTE | |
r-patched-linux-x86_64 | 0.4.1 | 5.76 | 48.54 | 54.30 | NOTE | |
r-release-linux-x86_64 | 0.4.1 | 3.73 | 48.71 | 52.44 | NOTE | |
r-release-macos-arm64 | 0.4.1 | 34.00 | NOTE | |||
r-release-macos-x86_64 | 0.4.1 | 61.00 | NOTE | |||
r-release-windows-x86_64 | 0.4.1 | 7.00 | 60.00 | 67.00 | NOTE | |
r-oldrel-macos-arm64 | 0.4.1 | 36.00 | NOTE | |||
r-oldrel-macos-x86_64 | 0.4.1 | 48.00 | NOTE | |||
r-oldrel-windows-x86_64 | 0.4.1 | 8.00 | 70.00 | 78.00 | NOTE |
Version: 0.4.1
Check: LazyData
Result: NOTE
'LazyData' is specified without a 'data' directory
Flavors: r-devel-linux-x86_64-debian-clang, r-devel-linux-x86_64-debian-gcc, r-devel-linux-x86_64-fedora-clang, r-devel-linux-x86_64-fedora-gcc, r-devel-windows-x86_64, r-patched-linux-x86_64, r-release-linux-x86_64, r-release-macos-arm64, r-release-macos-x86_64, r-release-windows-x86_64, r-oldrel-macos-arm64, r-oldrel-macos-x86_64, r-oldrel-windows-x86_64