Last updated on 2024-06-16 13:53:40 CEST.
Flavor | Version | Tinstall | Tcheck | Ttotal | Status | Flags |
---|---|---|---|---|---|---|
r-devel-linux-x86_64-debian-clang | 0.16-1 | 208.64 | 79.06 | 287.70 | OK | |
r-devel-linux-x86_64-debian-gcc | 0.16-1 | 169.51 | 68.82 | 238.33 | OK | |
r-devel-linux-x86_64-fedora-clang | 0.16-1 | 364.51 | OK | |||
r-devel-linux-x86_64-fedora-gcc | 0.16-1 | 499.95 | OK | |||
r-devel-windows-x86_64 | 0.16-1 | 151.00 | 105.00 | 256.00 | OK | |
r-patched-linux-x86_64 | 0.16-1 | 216.53 | 85.03 | 301.56 | OK | |
r-release-linux-x86_64 | 0.16-1 | 206.96 | 85.26 | 292.22 | OK | |
r-release-macos-arm64 | 0.16-1 | 100.00 | NOTE | |||
r-release-macos-x86_64 | 0.16-1 | 107.00 | NOTE | |||
r-release-windows-x86_64 | 0.16-1 | 156.00 | 106.00 | 262.00 | OK | |
r-oldrel-macos-arm64 | 0.16-1 | 115.00 | NOTE | |||
r-oldrel-macos-x86_64 | 0.16-1 | 176.00 | NOTE | |||
r-oldrel-windows-x86_64 | 0.16-1 | 196.00 | 126.00 | 322.00 | OK |
Version: 0.16-1
Check: installed package size
Result: NOTE
installed size is 46.5Mb
sub-directories of 1Mb or more:
libs 45.9Mb
Flavors: r-release-macos-arm64, r-release-macos-x86_64, r-oldrel-macos-arm64, r-oldrel-macos-x86_64