Last updated on 2024-08-24 16:49:10 CEST.
Flavor | Version | Tinstall | Tcheck | Ttotal | Status | Flags |
---|---|---|---|---|---|---|
r-devel-linux-x86_64-debian-clang | 0.16-2 | 151.44 | 60.66 | 212.10 | OK | |
r-devel-linux-x86_64-debian-gcc | 0.16-2 | 132.55 | 54.93 | 187.48 | OK | |
r-devel-linux-x86_64-fedora-clang | 0.16-2 | 331.92 | OK | |||
r-devel-linux-x86_64-fedora-gcc | 0.16-2 | 506.14 | OK | |||
r-devel-windows-x86_64 | 0.16-2 | 144.00 | 105.00 | 249.00 | OK | |
r-patched-linux-x86_64 | 0.16-2 | 177.49 | 70.62 | 248.11 | OK | |
r-release-linux-x86_64 | 0.16-2 | 186.75 | 70.21 | 256.96 | OK | |
r-release-macos-arm64 | 0.16-2 | 104.00 | NOTE | |||
r-release-macos-x86_64 | 0.16-2 | 213.00 | NOTE | |||
r-release-windows-x86_64 | 0.16-2 | 144.00 | 104.00 | 248.00 | OK | |
r-oldrel-macos-arm64 | 0.16-2 | 122.00 | NOTE | |||
r-oldrel-macos-x86_64 | 0.16-2 | 210.00 | NOTE | |||
r-oldrel-windows-x86_64 | 0.16-2 | 176.00 | 124.00 | 300.00 | OK |
Version: 0.16-2
Check: installed package size
Result: NOTE
installed size is 46.6Mb
sub-directories of 1Mb or more:
libs 46.0Mb
Flavors: r-release-macos-arm64, r-release-macos-x86_64, r-oldrel-macos-arm64, r-oldrel-macos-x86_64