Last updated on 2025-06-30 23:49:59 CEST.
Flavor | Version | Tinstall | Tcheck | Ttotal | Status | Flags |
---|---|---|---|---|---|---|
r-devel-linux-x86_64-debian-clang | 2.4.1 | 140.11 | 70.02 | 210.13 | OK | |
r-devel-linux-x86_64-debian-gcc | 2.4.1 | 128.49 | 52.93 | 181.42 | OK | |
r-devel-linux-x86_64-fedora-clang | 2.4.1 | 331.20 | OK | |||
r-devel-linux-x86_64-fedora-gcc | 2.4.1 | 381.68 | OK | |||
r-devel-windows-x86_64 | 2.4.1 | 217.00 | 115.00 | 332.00 | OK | |
r-patched-linux-x86_64 | OK | |||||
r-release-linux-x86_64 | 2.4.1 | 173.75 | 66.10 | 239.85 | OK | |
r-release-macos-arm64 | 2.4.1 | 113.00 | OK | |||
r-release-macos-x86_64 | 2.4.1 | 170.00 | OK | |||
r-release-windows-x86_64 | 2.4.1 | 216.00 | 115.00 | 331.00 | OK | |
r-oldrel-macos-arm64 | 2.4.1 | 121.00 | NOTE | |||
r-oldrel-macos-x86_64 | 2.4.1 | 179.00 | NOTE | |||
r-oldrel-windows-x86_64 | 2.4.1 | 255.00 | 141.00 | 396.00 | OK |
Version: 2.4.1
Check: installed package size
Result: NOTE
installed size is 12.6Mb
sub-directories of 1Mb or more:
libs 11.8Mb
Flavors: r-oldrel-macos-arm64, r-oldrel-macos-x86_64