Last updated on 2024-06-29 23:50:03 CEST.
Flavor | Version | Tinstall | Tcheck | Ttotal | Status | Flags |
---|---|---|---|---|---|---|
r-devel-linux-x86_64-debian-clang | 2.8.0 | 32.32 | 399.45 | 431.77 | OK | |
r-devel-linux-x86_64-debian-gcc | 2.8.0 | 23.83 | 303.22 | 327.05 | OK | |
r-devel-linux-x86_64-fedora-clang | 2.8.0 | 560.21 | NOTE | |||
r-devel-linux-x86_64-fedora-gcc | 2.8.0 | 550.02 | OK | |||
r-devel-windows-x86_64 | 2.8.0 | 27.00 | 308.00 | 335.00 | NOTE | |
r-patched-linux-x86_64 | 2.8.0 | 26.52 | 381.67 | 408.19 | OK | |
r-release-linux-x86_64 | 2.8.0 | 28.93 | 387.68 | 416.61 | OK | |
r-release-macos-arm64 | 2.8.0 | 119.00 | NOTE | |||
r-release-macos-x86_64 | 2.8.0 | 189.00 | NOTE | |||
r-release-windows-x86_64 | 2.8.0 | 26.00 | 287.00 | 313.00 | NOTE | |
r-oldrel-macos-arm64 | 2.8.0 | 137.00 | NOTE | |||
r-oldrel-macos-x86_64 | 2.8.0 | 193.00 | NOTE | |||
r-oldrel-windows-x86_64 | 2.8.0 | 33.00 | 327.00 | 360.00 | NOTE |
Version: 2.8.0
Check: installed package size
Result: NOTE
installed size is 5.3Mb
sub-directories of 1Mb or more:
doc 3.6Mb
Flavors: r-devel-linux-x86_64-fedora-clang, r-devel-windows-x86_64, r-release-macos-arm64, r-release-macos-x86_64, r-release-windows-x86_64, r-oldrel-macos-arm64, r-oldrel-macos-x86_64, r-oldrel-windows-x86_64