Last updated on 2024-06-29 23:50:03 CEST.
Flavor | Version | Tinstall | Tcheck | Ttotal | Status | Flags |
---|---|---|---|---|---|---|
r-devel-linux-x86_64-debian-clang | 1.0.10 | 20.76 | 144.36 | 165.12 | OK | |
r-devel-linux-x86_64-debian-gcc | 1.0.10 | 15.80 | 105.84 | 121.64 | OK | |
r-devel-linux-x86_64-fedora-clang | 1.0.10 | 215.64 | NOTE | |||
r-devel-linux-x86_64-fedora-gcc | 1.0.10 | 221.68 | NOTE | |||
r-devel-windows-x86_64 | 1.0.10 | 16.00 | 126.00 | 142.00 | OK | |
r-patched-linux-x86_64 | 1.0.10 | 16.85 | 137.54 | 154.39 | OK | |
r-release-linux-x86_64 | 1.0.10 | 16.67 | 134.86 | 151.53 | OK | |
r-release-macos-arm64 | 1.0.10 | 58.00 | OK | |||
r-release-macos-x86_64 | 1.0.10 | 93.00 | OK | |||
r-release-windows-x86_64 | 1.0.10 | 18.00 | 124.00 | 142.00 | OK | |
r-oldrel-macos-arm64 | 1.0.10 | 73.00 | OK | |||
r-oldrel-macos-x86_64 | 1.0.10 | 153.00 | OK | |||
r-oldrel-windows-x86_64 | 1.0.10 | 22.00 | 151.00 | 173.00 | OK |
Version: 1.0.10
Check: dependencies in R code
Result: NOTE
Namespaces in Imports field not imported from:
‘SparseM’ ‘nlme’ ‘timeDate’
All declared Imports should be used.
Flavors: r-devel-linux-x86_64-fedora-clang, r-devel-linux-x86_64-fedora-gcc