Last updated on 2024-06-29 11:49:22 CEST.
Flavor | Version | Tinstall | Tcheck | Ttotal | Status | Flags |
---|---|---|---|---|---|---|
r-devel-linux-x86_64-debian-clang | 0.9.9 | 5.80 | 59.87 | 65.67 | NOTE | |
r-devel-linux-x86_64-debian-gcc | 0.9.9 | 3.72 | 43.29 | 47.01 | NOTE | |
r-devel-linux-x86_64-fedora-clang | 0.9.9 | 81.84 | NOTE | |||
r-devel-linux-x86_64-fedora-gcc | 0.9.9 | 87.09 | NOTE | |||
r-devel-windows-x86_64 | 0.9.9 | 5.00 | 61.00 | 66.00 | NOTE | |
r-patched-linux-x86_64 | 0.9.9 | 3.61 | 55.19 | 58.80 | NOTE | |
r-release-linux-x86_64 | 0.9.9 | 3.20 | 56.20 | 59.40 | NOTE | |
r-release-macos-arm64 | 0.9.9 | 32.00 | NOTE | |||
r-release-macos-x86_64 | 0.9.9 | 55.00 | NOTE | |||
r-release-windows-x86_64 | 0.9.9 | 4.00 | 61.00 | 65.00 | NOTE | |
r-oldrel-macos-arm64 | 0.9.9 | 33.00 | NOTE | |||
r-oldrel-macos-x86_64 | 0.9.9 | 45.00 | NOTE | |||
r-oldrel-windows-x86_64 | 0.9.9 | 6.00 | 67.00 | 73.00 | NOTE |
Version: 0.9.9
Check: package subdirectories
Result: NOTE
Problems with news in ‘NEWS.md’:
No news entries found.
Flavors: r-devel-linux-x86_64-debian-clang, r-devel-linux-x86_64-debian-gcc, r-devel-linux-x86_64-fedora-clang, r-devel-linux-x86_64-fedora-gcc, r-devel-windows-x86_64, r-patched-linux-x86_64, r-release-linux-x86_64, r-release-macos-arm64, r-release-macos-x86_64, r-release-windows-x86_64, r-oldrel-macos-arm64, r-oldrel-macos-x86_64, r-oldrel-windows-x86_64