CRAN Package Check Results for Package RKelly

Last updated on 2025-04-29 13:51:38 CEST.

Flavor Version Tinstall Tcheck Ttotal Status Flags
r-devel-linux-x86_64-debian-clang 1.0 1.64 22.48 24.12 OK
r-devel-linux-x86_64-debian-gcc 1.0 1.39 18.95 20.34 OK
r-devel-linux-x86_64-fedora-clang 1.0 38.35 OK
r-devel-linux-x86_64-fedora-gcc 1.0 50.27 OK
r-devel-windows-x86_64 1.0 3.00 44.00 47.00 OK
r-patched-linux-x86_64 1.0 1.71 21.68 23.39 OK
r-release-linux-x86_64 1.0 1.62 21.70 23.32 OK
r-release-macos-arm64 1.0 23.00 OK
r-release-macos-x86_64 1.0 52.00 OK
r-release-windows-x86_64 1.0 4.00 48.00 52.00 OK
r-oldrel-macos-arm64 1.0 20.00 NOTE
r-oldrel-macos-x86_64 1.0 37.00 NOTE
r-oldrel-windows-x86_64 1.0 3.00 46.00 49.00 NOTE

Check Details

Version: 1.0
Check: LazyData
Result: NOTE 'LazyData' is specified without a 'data' directory Flavors: r-oldrel-macos-arm64, r-oldrel-macos-x86_64, r-oldrel-windows-x86_64