Last updated on 2024-07-02 01:57:20 CEST.
Flavor | Version | Tinstall | Tcheck | Ttotal | Status | Flags |
---|---|---|---|---|---|---|
r-devel-linux-x86_64-debian-clang | 1.1 | 297.31 | 35.32 | 332.63 | OK | |
r-devel-linux-x86_64-debian-gcc | 1.1 | 216.44 | 39.72 | 256.16 | OK | |
r-devel-linux-x86_64-fedora-clang | 1.1 | 440.76 | OK | |||
r-devel-linux-x86_64-fedora-gcc | 1.1 | 530.36 | OK | |||
r-devel-windows-x86_64 | 1.1 | 196.00 | 89.00 | 285.00 | OK | |
r-patched-linux-x86_64 | 1.1 | 250.55 | 50.12 | 300.67 | OK | |
r-release-linux-x86_64 | 1.1 | 250.52 | 50.16 | 300.68 | OK | |
r-release-macos-arm64 | 1.1 | 78.00 | NOTE | |||
r-release-macos-x86_64 | 1.1 | 78.00 | NOTE | |||
r-release-windows-x86_64 | 1.1 | 195.00 | 89.00 | 284.00 | OK | |
r-oldrel-macos-arm64 | 1.1 | 99.00 | NOTE | |||
r-oldrel-macos-x86_64 | 1.1 | 154.00 | NOTE | |||
r-oldrel-windows-x86_64 | 1.1 | 238.00 | 107.00 | 345.00 | OK |
Version: 1.1
Check: installed package size
Result: NOTE
installed size is 27.8Mb
sub-directories of 1Mb or more:
libs 27.7Mb
Flavors: r-release-macos-arm64, r-release-macos-x86_64, r-oldrel-macos-arm64, r-oldrel-macos-x86_64