Last updated on 2025-02-22 08:51:02 CET.
Flavor | Version | Tinstall | Tcheck | Ttotal | Status | Flags |
---|---|---|---|---|---|---|
r-devel-linux-x86_64-debian-clang | 1.3.3 | 41.61 | 302.45 | 344.06 | NOTE | |
r-devel-linux-x86_64-debian-gcc | 1.3.3 | 27.47 | 186.65 | 214.12 | NOTE | |
r-devel-linux-x86_64-fedora-clang | 1.3.3 | 604.91 | OK | |||
r-devel-linux-x86_64-fedora-gcc | 1.3.3 | 564.55 | OK | |||
r-devel-macos-arm64 | 1.3.3 | 146.00 | OK | |||
r-devel-macos-x86_64 | 1.3.3 | 297.00 | OK | |||
r-devel-windows-x86_64 | 1.3.3 | 47.00 | 338.00 | 385.00 | NOTE | |
r-patched-linux-x86_64 | 1.3.3 | 52.03 | 284.30 | 336.33 | OK | |
r-release-linux-x86_64 | 1.3.3 | 43.05 | 287.01 | 330.06 | OK | |
r-release-macos-arm64 | 1.3.3 | 136.00 | OK | |||
r-release-macos-x86_64 | 1.3.3 | 227.00 | OK | |||
r-release-windows-x86_64 | 1.3.3 | 50.00 | 340.00 | 390.00 | OK | |
r-oldrel-macos-arm64 | 1.3.3 | 143.00 | OK | |||
r-oldrel-macos-x86_64 | 1.3.3 | 388.00 | OK | |||
r-oldrel-windows-x86_64 | 1.3.3 | 62.00 | 430.00 | 492.00 | OK |
Version: 1.3.3
Check: Rd cross-references
Result: NOTE
Found the following Rd file(s) with Rd \link{} targets missing package
anchors:
fLoadAmeriflux22.Rd: read_csv
fLoadFluxnet15.Rd: cols, read_csv
Please provide package anchors for all Rd \link{} targets not in the
package itself and the base packages.
Flavors: r-devel-linux-x86_64-debian-clang, r-devel-linux-x86_64-debian-gcc, r-devel-windows-x86_64