Last updated on 2024-06-29 11:49:21 CEST.
Flavor | Version | Tinstall | Tcheck | Ttotal | Status | Flags |
---|---|---|---|---|---|---|
r-devel-linux-x86_64-debian-clang | 2.6.1 | 13.93 | 146.56 | 160.49 | NOTE | |
r-devel-linux-x86_64-debian-gcc | 2.6.1 | 11.68 | 106.94 | 118.62 | NOTE | |
r-devel-linux-x86_64-fedora-clang | 2.6.1 | 206.45 | NOTE | |||
r-devel-linux-x86_64-fedora-gcc | 2.6.1 | 218.92 | NOTE | |||
r-devel-windows-x86_64 | 2.6.1 | 13.00 | 156.00 | 169.00 | NOTE | |
r-patched-linux-x86_64 | 2.6.1 | 19.69 | 140.69 | 160.38 | NOTE | |
r-release-linux-x86_64 | 2.6.1 | 15.74 | 141.06 | 156.80 | NOTE | |
r-release-macos-arm64 | 2.6.1 | 66.00 | NOTE | |||
r-release-macos-x86_64 | 2.6.1 | 94.00 | NOTE | |||
r-release-windows-x86_64 | 2.6.1 | 12.00 | 155.00 | 167.00 | NOTE | |
r-oldrel-macos-arm64 | 2.6.1 | 69.00 | OK | |||
r-oldrel-macos-x86_64 | 2.6.1 | 109.00 | OK | |||
r-oldrel-windows-x86_64 | 2.6.1 | 17.00 | 167.00 | 184.00 | OK |
Version: 2.6.1
Check: Rd files
Result: NOTE
checkRd: (-1) dbConnect-AthenaDriver-method.Rd:109-111: Lost braces in \itemize; meant \describe ?
checkRd: (-1) dbConnect-AthenaDriver-method.Rd:115-120: Lost braces in \itemize; meant \describe ?
checkRd: (-1) dbConnect-AthenaDriver-method.Rd:121-124: Lost braces in \itemize; meant \describe ?
checkRd: (-1) dbConnect-AthenaDriver-method.Rd:125-127: Lost braces in \itemize; meant \describe ?
checkRd: (-1) dbConnect-AthenaDriver-method.Rd:128-138: Lost braces in \itemize; meant \describe ?
Flavors: r-devel-linux-x86_64-debian-clang, r-devel-linux-x86_64-debian-gcc, r-devel-linux-x86_64-fedora-clang, r-devel-linux-x86_64-fedora-gcc, r-devel-windows-x86_64, r-patched-linux-x86_64, r-release-linux-x86_64, r-release-macos-arm64, r-release-macos-x86_64, r-release-windows-x86_64
Version: 2.6.1
Check: package dependencies
Result: NOTE
Package suggested but not available for checking: ‘arrow’
Flavor: r-release-macos-x86_64