Last updated on 2025-04-30 07:55:18 CEST.
Flavor | Version | Tinstall | Tcheck | Ttotal | Status | Flags |
---|---|---|---|---|---|---|
r-devel-linux-x86_64-debian-clang | 0.1.5 | 8.08 | 108.47 | 116.55 | NOTE | |
r-devel-linux-x86_64-debian-gcc | 0.1.5 | 5.29 | 67.18 | 72.47 | OK | |
r-devel-linux-x86_64-fedora-clang | 0.1.5 | 167.45 | OK | |||
r-devel-linux-x86_64-fedora-gcc | 0.1.5 | 157.96 | OK | |||
r-devel-windows-x86_64 | 0.1.5 | 10.00 | 105.00 | 115.00 | OK | |
r-patched-linux-x86_64 | 0.1.5 | 8.72 | 97.59 | 106.31 | OK | |
r-release-linux-x86_64 | 0.1.5 | 8.59 | 97.77 | 106.36 | OK | |
r-release-macos-arm64 | 0.1.5 | 45.00 | OK | |||
r-release-macos-x86_64 | 0.1.5 | 96.00 | OK | |||
r-release-windows-x86_64 | 0.1.5 | 11.00 | 106.00 | 117.00 | OK | |
r-oldrel-macos-arm64 | 0.1.5 | 44.00 | OK | |||
r-oldrel-macos-x86_64 | 0.1.5 | 73.00 | OK | |||
r-oldrel-windows-x86_64 | 0.1.5 | 12.00 | 140.00 | 152.00 | OK |
Version: 0.1.5
Check: examples
Result: NOTE
Examples with CPU (user + system) or elapsed time > 5s
user system elapsed
SEU_power_comparison_Power_vs_Trt 6.679 0.125 9.434
SEU_power_comparison_Power_vs_n_GAUSSIAN 6.736 0.016 9.206
SEU_simulation_main 6.728 0.000 8.013
SEU_power_comparison_Power_vs_n 6.002 0.016 7.524
SEU_power_comparison_Power_vs_Trt_GAUSSIAN 5.764 0.023 7.007
Flavor: r-devel-linux-x86_64-debian-clang