Last updated on 2024-06-29 23:50:01 CEST.
Flavor | Version | Tinstall | Tcheck | Ttotal | Status | Flags |
---|---|---|---|---|---|---|
r-devel-linux-x86_64-debian-clang | 0.8-9 | 61.70 | 215.84 | 277.54 | OK | |
r-devel-linux-x86_64-debian-gcc | 0.8-9 | 51.56 | 150.31 | 201.87 | OK | |
r-devel-linux-x86_64-fedora-clang | 0.8-9 | 378.02 | NOTE | |||
r-devel-linux-x86_64-fedora-gcc | 0.8-9 | 332.39 | OK | |||
r-devel-windows-x86_64 | 0.8-9 | 53.00 | 159.00 | 212.00 | OK | |
r-patched-linux-x86_64 | 0.8-9 | 54.79 | 203.28 | 258.07 | OK | |
r-release-linux-x86_64 | 0.8-9 | 42.76 | 199.00 | 241.76 | OK | |
r-release-macos-arm64 | 0.8-9 | 80.00 | OK | |||
r-release-macos-x86_64 | 0.8-9 | 135.00 | OK | |||
r-release-windows-x86_64 | 0.8-9 | 49.00 | 157.00 | 206.00 | OK | |
r-oldrel-macos-arm64 | 0.8-9 | 87.00 | OK | |||
r-oldrel-macos-x86_64 | 0.8-9 | 186.00 | OK | |||
r-oldrel-windows-x86_64 | 0.8-9 | 70.00 | 205.00 | 275.00 | OK |
Version: 0.8-9
Check: Rd cross-references
Result: NOTE
Undeclared package ‘generics’ in Rd xrefs
Flavor: r-devel-linux-x86_64-fedora-clang