Last updated on 2024-06-29 23:50:01 CEST.
Flavor | Version | Tinstall | Tcheck | Ttotal | Status | Flags |
---|---|---|---|---|---|---|
r-devel-linux-x86_64-debian-clang | 1.0.5 | 5.48 | 48.01 | 53.49 | NOTE | |
r-devel-linux-x86_64-debian-gcc | 1.0.5 | 5.73 | 35.64 | 41.37 | NOTE | |
r-devel-linux-x86_64-fedora-clang | 1.0.5 | 71.08 | NOTE | |||
r-devel-linux-x86_64-fedora-gcc | 1.0.5 | 66.43 | NOTE | |||
r-devel-windows-x86_64 | 1.0.5 | 7.00 | 60.00 | 67.00 | NOTE | |
r-patched-linux-x86_64 | 1.0.5 | 8.64 | 46.52 | 55.16 | NOTE | |
r-release-linux-x86_64 | 1.0.5 | 6.81 | 46.12 | 52.93 | NOTE | |
r-release-macos-arm64 | 1.0.5 | 24.00 | NOTE | |||
r-release-macos-x86_64 | 1.0.5 | 38.00 | NOTE | |||
r-release-windows-x86_64 | 1.0.5 | 8.00 | 60.00 | 68.00 | NOTE | |
r-oldrel-macos-arm64 | 1.0.5 | 23.00 | NOTE | |||
r-oldrel-macos-x86_64 | 1.0.5 | 56.00 | NOTE | |||
r-oldrel-windows-x86_64 | 1.0.5 | 8.00 | 67.00 | 75.00 | NOTE |
Version: 1.0.5
Check: package dependencies
Result: NOTE
Package suggested but not available for checking: ‘ReGenesees’
Flavors: r-devel-linux-x86_64-debian-clang, r-devel-linux-x86_64-debian-gcc, r-devel-linux-x86_64-fedora-clang, r-devel-linux-x86_64-fedora-gcc, r-devel-windows-x86_64, r-patched-linux-x86_64, r-release-linux-x86_64, r-release-macos-arm64, r-release-macos-x86_64, r-release-windows-x86_64, r-oldrel-macos-arm64, r-oldrel-macos-x86_64, r-oldrel-windows-x86_64