Last updated on 2025-04-29 19:50:42 CEST.
Flavor | Version | Tinstall | Tcheck | Ttotal | Status | Flags |
---|---|---|---|---|---|---|
r-devel-linux-x86_64-debian-clang | 1.7.0 | 87.94 | 24.45 | 112.39 | OK | |
r-devel-linux-x86_64-debian-gcc | 1.7.0 | 76.72 | 19.64 | 96.36 | OK | |
r-devel-linux-x86_64-fedora-clang | 1.7.0 | 191.88 | OK | |||
r-devel-linux-x86_64-fedora-gcc | 1.7.0 | 255.47 | OK | |||
r-devel-windows-x86_64 | 1.7.0 | 123.00 | 61.00 | 184.00 | OK | |
r-patched-linux-x86_64 | 1.7.0 | 97.56 | 22.17 | 119.73 | OK | |
r-release-linux-x86_64 | 1.7.0 | 94.99 | 22.34 | 117.33 | OK | |
r-release-macos-arm64 | 1.7.0 | 74.00 | OK | |||
r-release-macos-x86_64 | 1.7.0 | 156.00 | OK | |||
r-release-windows-x86_64 | 1.7.0 | 133.00 | 68.00 | 201.00 | OK | |
r-oldrel-macos-arm64 | 1.7.0 | 98.00 | NOTE | |||
r-oldrel-macos-x86_64 | 1.7.0 | 230.00 | NOTE | |||
r-oldrel-windows-x86_64 | 1.7.0 | 138.00 | 67.00 | 205.00 | NOTE |
Version: 1.7.0
Check: installed package size
Result: NOTE
installed size is 8.0Mb
sub-directories of 1Mb or more:
libs 7.6Mb
Flavors: r-oldrel-macos-arm64, r-oldrel-macos-x86_64
Version: 1.7.0
Check: for GNU extensions in Makefiles
Result: NOTE
GNU make is a SystemRequirements.
Flavors: r-oldrel-macos-arm64, r-oldrel-macos-x86_64, r-oldrel-windows-x86_64