CRAN Package Check Results for Package QuICSeedR

Last updated on 2025-04-29 19:50:42 CEST.

Flavor Version Tinstall Tcheck Ttotal Status Flags
r-devel-linux-x86_64-debian-clang 0.1.2 6.67 68.08 74.75 NOTE
r-devel-linux-x86_64-debian-gcc 0.1.2 4.74 47.05 51.79 NOTE
r-devel-linux-x86_64-fedora-clang 0.1.2 104.88 OK
r-devel-linux-x86_64-fedora-gcc 0.1.2 98.67 OK
r-devel-windows-x86_64 0.1.2 9.00 78.00 87.00 OK
r-patched-linux-x86_64 0.1.2 5.62 62.04 67.66 OK
r-release-linux-x86_64 0.1.2 6.28 62.18 68.46 OK
r-release-macos-arm64 0.1.2 32.00 OK
r-release-macos-x86_64 0.1.2 66.00 OK
r-release-windows-x86_64 0.1.2 9.00 80.00 89.00 OK
r-oldrel-macos-arm64 0.1.2 32.00 OK
r-oldrel-macos-x86_64 0.1.2 64.00 OK
r-oldrel-windows-x86_64 0.1.2 10.00 98.00 108.00 OK

Check Details

Version: 0.1.2
Check: examples
Result: NOTE Examples with CPU (user + system) or elapsed time > 5s user system elapsed PlotPlate 8.756 0.107 10.429 Flavor: r-devel-linux-x86_64-debian-clang

Version: 0.1.2
Check: examples
Result: NOTE Examples with CPU (user + system) or elapsed time > 5s user system elapsed PlotPlate 5.206 0.085 5.913 Flavor: r-devel-linux-x86_64-debian-gcc