Last updated on 2025-11-01 20:49:44 CET.
| Flavor | Version | Tinstall | Tcheck | Ttotal | Status | Flags |
|---|---|---|---|---|---|---|
| r-devel-linux-x86_64-debian-clang | 1.0.0 | 7.95 | 73.04 | 80.99 | NOTE | |
| r-devel-linux-x86_64-debian-gcc | 1.0.0 | 5.52 | 53.14 | 58.66 | NOTE | |
| r-devel-linux-x86_64-fedora-clang | 1.0.0 | 16.00 | 111.94 | 127.94 | OK | |
| r-devel-linux-x86_64-fedora-gcc | 1.0.0 | 16.00 | 104.52 | 120.52 | OK | |
| r-devel-windows-x86_64 | 1.0.0 | 13.00 | 79.00 | 92.00 | OK | |
| r-patched-linux-x86_64 | 1.0.0 | 7.46 | 69.60 | 77.06 | OK | |
| r-release-linux-x86_64 | 1.0.0 | 7.26 | 70.32 | 77.58 | OK | |
| r-release-macos-arm64 | 1.0.0 | 5.00 | 36.00 | 41.00 | OK | |
| r-release-macos-x86_64 | 1.0.0 | 10.00 | 79.00 | 89.00 | OK | |
| r-release-windows-x86_64 | 1.0.0 | 12.00 | 81.00 | 93.00 | OK | |
| r-oldrel-macos-arm64 | 1.0.0 | 4.00 | 30.00 | 34.00 | OK | |
| r-oldrel-macos-x86_64 | 1.0.0 | 7.00 | 49.00 | 56.00 | OK | |
| r-oldrel-windows-x86_64 | 1.0.0 | 15.00 | 102.00 | 117.00 | OK |
Version: 1.0.0
Check: CRAN incoming feasibility
Result: NOTE
Maintainer: ‘Karl Gregory <gregorkb@stat.sc.edu>’
No Authors@R field in DESCRIPTION.
Please add one, modifying
Authors@R: person(given = "Karl",
family = "Gregory",
role = c("aut", "cre"),
email = "gregorkb@stat.sc.edu")
as necessary.
Flavors: r-devel-linux-x86_64-debian-clang, r-devel-linux-x86_64-debian-gcc