Last updated on 2025-04-30 07:55:18 CEST.
Flavor | Version | Tinstall | Tcheck | Ttotal | Status | Flags |
---|---|---|---|---|---|---|
r-devel-linux-x86_64-debian-clang | 0.2.2 | 2.01 | 30.34 | 32.35 | NOTE | |
r-devel-linux-x86_64-debian-gcc | 0.2.2 | 1.50 | 22.14 | 23.64 | OK | |
r-devel-linux-x86_64-fedora-clang | 0.2.2 | 50.01 | OK | |||
r-devel-linux-x86_64-fedora-gcc | 0.2.2 | 48.58 | OK | |||
r-devel-windows-x86_64 | 0.2.2 | 3.00 | 57.00 | 60.00 | OK | |
r-patched-linux-x86_64 | 0.2.2 | 1.96 | 29.72 | 31.68 | OK | |
r-release-linux-x86_64 | 0.2.2 | 1.80 | 30.10 | 31.90 | OK | |
r-release-macos-arm64 | 0.2.2 | 21.00 | OK | |||
r-release-macos-x86_64 | 0.2.2 | 38.00 | OK | |||
r-release-windows-x86_64 | 0.2.2 | 4.00 | 55.00 | 59.00 | OK | |
r-oldrel-macos-arm64 | 0.2.2 | 21.00 | OK | |||
r-oldrel-macos-x86_64 | 0.2.2 | 34.00 | OK | |||
r-oldrel-windows-x86_64 | 0.2.2 | 4.00 | 60.00 | 64.00 | OK |
Version: 0.2.2
Check: examples
Result: NOTE
Examples with CPU (user + system) or elapsed time > 5s
user system elapsed
QRI_func 3.369 1.544 6.677
Flavor: r-devel-linux-x86_64-debian-clang