Last updated on 2024-06-15 19:55:07 CEST.
Flavor | Version | Tinstall | Tcheck | Ttotal | Status | Flags |
---|---|---|---|---|---|---|
r-devel-linux-x86_64-debian-clang | 1.2.0 | 257.91 | 124.31 | 382.22 | OK | |
r-devel-linux-x86_64-debian-gcc | 1.2.0 | 240.64 | 89.11 | 329.75 | OK | |
r-devel-linux-x86_64-fedora-clang | 1.2.0 | 445.33 | OK | |||
r-devel-linux-x86_64-fedora-gcc | 1.2.0 | 657.25 | OK | |||
r-devel-windows-x86_64 | 1.2.0 | 185.00 | 147.00 | 332.00 | NOTE | |
r-patched-linux-x86_64 | 1.2.0 | 210.55 | 118.12 | 328.67 | OK | |
r-release-linux-x86_64 | 1.2.0 | 213.20 | 115.53 | 328.73 | OK | |
r-release-macos-arm64 | 1.2.0 | 130.00 | NOTE | |||
r-release-macos-x86_64 | 1.2.0 | 172.00 | NOTE | |||
r-release-windows-x86_64 | 1.2.0 | 190.00 | 151.00 | 341.00 | NOTE | |
r-oldrel-macos-arm64 | 1.2.0 | 115.00 | NOTE | |||
r-oldrel-macos-x86_64 | 1.2.0 | 320.00 | NOTE | |||
r-oldrel-windows-x86_64 | 1.2.0 | 249.00 | 190.00 | 439.00 | NOTE |
Version: 1.2.0
Check: installed package size
Result: NOTE
installed size is 26.3Mb
sub-directories of 1Mb or more:
libs 25.6Mb
Flavors: r-devel-windows-x86_64, r-release-macos-arm64, r-release-macos-x86_64, r-release-windows-x86_64, r-oldrel-macos-arm64, r-oldrel-macos-x86_64, r-oldrel-windows-x86_64