CRAN Package Check Results for Package Pursuit

Last updated on 2025-04-29 19:50:41 CEST.

Flavor Version Tinstall Tcheck Ttotal Status Flags
r-devel-linux-x86_64-debian-clang 1.0.9 5.00 40.63 45.63 NOTE
r-devel-linux-x86_64-debian-gcc 1.0.9 3.59 27.50 31.09 OK
r-devel-linux-x86_64-fedora-clang 1.0.9 78.15 OK
r-devel-linux-x86_64-fedora-gcc 1.0.9 67.29 OK
r-devel-windows-x86_64 1.0.9 7.00 57.00 64.00 OK
r-patched-linux-x86_64 1.0.9 4.63 38.05 42.68 OK
r-release-linux-x86_64 1.0.9 4.30 37.59 41.89 OK
r-release-macos-arm64 1.0.9 27.00 OK
r-release-macos-x86_64 1.0.9 43.00 OK
r-release-windows-x86_64 1.0.9 7.00 59.00 66.00 OK
r-oldrel-macos-arm64 1.0.9 30.00 OK
r-oldrel-macos-x86_64 1.0.9 46.00 OK
r-oldrel-windows-x86_64 1.0.9 7.00 65.00 72.00 OK

Check Details

Version: 1.0.9
Check: examples
Result: NOTE Examples with CPU (user + system) or elapsed time > 5s user system elapsed Plot.PP_English 5.695 0.063 7.541 Flavor: r-devel-linux-x86_64-debian-clang