Last updated on 2025-04-30 01:50:30 CEST.
Flavor | Version | Tinstall | Tcheck | Ttotal | Status | Flags |
---|---|---|---|---|---|---|
r-devel-linux-x86_64-debian-clang | 0.3.4 | 22.50 | 229.97 | 252.47 | NOTE | |
r-devel-linux-x86_64-debian-gcc | 0.3.4 | 16.09 | 158.33 | 174.42 | NOTE | |
r-devel-linux-x86_64-fedora-clang | 0.3.4 | 420.07 | NOTE | |||
r-devel-linux-x86_64-fedora-gcc | 0.3.4 | 382.31 | NOTE | |||
r-devel-windows-x86_64 | 0.3.4 | 27.00 | 321.00 | 348.00 | NOTE | |
r-patched-linux-x86_64 | 0.3.4 | 21.55 | 219.60 | 241.15 | NOTE | |
r-release-linux-x86_64 | 0.3.4 | 22.45 | 216.98 | 239.43 | NOTE | |
r-release-macos-arm64 | 0.3.4 | 241.00 | NOTE | |||
r-release-macos-x86_64 | 0.3.4 | 216.00 | NOTE | |||
r-release-windows-x86_64 | 0.3.4 | 28.00 | 321.00 | 349.00 | NOTE | |
r-oldrel-macos-arm64 | 0.3.4 | 106.00 | NOTE | |||
r-oldrel-macos-x86_64 | 0.3.4 | 167.00 | NOTE | |||
r-oldrel-windows-x86_64 | 0.3.4 | 34.00 | 371.00 | 405.00 | NOTE |
Version: 0.3.4
Check: CRAN incoming feasibility
Result: NOTE
Maintainer: ‘Hannah Meyer <hannah.v.meyer@gmail.com>’
Package CITATION file contains call(s) to old-style personList() or
as.personList(). Please use c() on person objects instead.
Package CITATION file contains call(s) to old-style citEntry(). Please
use bibentry() instead.
Flavors: r-devel-linux-x86_64-debian-clang, r-devel-linux-x86_64-debian-gcc
Version: 0.3.4
Check: C++ specification
Result: NOTE
Specified C++11: please drop specification unless essential
Flavors: r-devel-linux-x86_64-debian-clang, r-devel-linux-x86_64-debian-gcc, r-devel-linux-x86_64-fedora-clang, r-devel-linux-x86_64-fedora-gcc, r-devel-windows-x86_64, r-patched-linux-x86_64, r-release-linux-x86_64, r-release-macos-arm64, r-release-macos-x86_64, r-release-windows-x86_64, r-oldrel-macos-arm64, r-oldrel-macos-x86_64, r-oldrel-windows-x86_64
Version: 0.3.4
Check: examples
Result: NOTE
Examples with CPU (user + system) or elapsed time > 5s
user system elapsed
readStandardGenotypes 6.468 0.084 8.499
Flavor: r-devel-linux-x86_64-debian-clang
Version: 0.3.4
Check: examples
Result: NOTE
Examples with CPU (user + system) or elapsed time > 5s
user system elapsed
readStandardGenotypes 3.514 0.049 5.225
Flavor: r-devel-linux-x86_64-debian-gcc
Version: 0.3.4
Check: installed package size
Result: NOTE
installed size is 5.7Mb
sub-directories of 1Mb or more:
doc 1.5Mb
extdata 3.1Mb
Flavors: r-oldrel-macos-arm64, r-oldrel-macos-x86_64, r-oldrel-windows-x86_64